{"id":797,"date":"2017-09-10T22:01:08","date_gmt":"2017-09-10T20:01:08","guid":{"rendered":"http:\/\/www.cas-aranjuez.org\/wpcas\/?page_id=797"},"modified":"2024-08-29T11:45:12","modified_gmt":"2024-08-29T09:45:12","slug":"servicio-medico","status":"publish","type":"page","link":"https:\/\/www.cas-aranjuez.org\/wpcas\/servicio-medico\/","title":{"rendered":"Servicio de Enfermer\u00eda Escolar"},"content":{"rendered":"<div class=\"panel-display panel-1col clearfix\">\n<div class=\"panel-panel panel-col\">\n<div class=\"panel-pane pane-custom pane-1\">\n<p><em>Las actividades complementarias espor\u00e1dicas o puntuales (de un d\u00eda o de m\u00e1s de un d\u00eda), actividades extraescolares y los servicios complementarios organizados por el centro, tienen car\u00e1cter voluntario, no lucrativo y no discriminatorio.<\/em> El precio correspondiente es aprobado por el Consejo Escolar y comunicado a la Administraci\u00f3n Educativa.<\/p>\n<h3><em>Seguimos sumando en lo que m\u00e1s importa, su bienestar y un futuro saludable.<\/em><\/h3>\n<p><span style=\"color: #ff0000;\"><strong><u>SERVICIO DE ENFERMER\u00cdA ESCOLAR<\/u><\/strong><\/span>.-<\/p>\n<ul>\n<li>El Centro dispone de un servicio de enfermer\u00eda escolar para atender a los alumnos como primera atenci\u00f3n en accidentes y urgencias que ocurran a todo el alumnado y comunidad educativa <u>dentro del horario de este servicio<\/u>. Desde el curso 2022-2023, se cuentan con los servicios profesionales de la entidad \u201cSchoolNurses\u201d. Desde la educaci\u00f3n para la salud, adem\u00e1s de la funci\u00f3n asistencial y atenci\u00f3n al alumnado con enfermedades cr\u00f3nicas, desarrolla acciones de promoci\u00f3n de la salud y de prevenci\u00f3n de enfermedades y conductas de riesgo, enfocadas a alimentaci\u00f3n, higiene corporal y ambiental, prevenci\u00f3n de accidentes, primeros auxilios, sexualidad, consumo de tabaco y otras drogas. Ante cualquier posible anomal\u00eda en la salud, se comunica con la familia, aconsejando la visita al profesional especialista correspondiente.<\/li>\n<\/ul>\n<ul>\n<li>Servicio de Enfermer\u00eda Escolar.- <a href=\"https:\/\/www.cas-aranjuez.org\/wpcas\/wp-content\/uploads\/2022\/09\/COMUNICADO-FAMILIAS.pdf\" target=\"_blank\" rel=\"noopener\">Informaci\u00f3n<\/a>.<\/li>\n<li>Plataforma, Enfermer\u00eda, Seguro privado de accidentes.-&nbsp;<a href=\"https:\/\/www.cas-aranjuez.org\/wpcas\/wp-content\/uploads\/2024\/08\/Servicios-Complementarios_24-25_Informacion-Inscripcion.pdf\" target=\"_blank\" rel=\"noreferrer noopener\">Informaci\u00f3n e inscripci\u00f3n<\/a>.<\/li>\n<li>Ficha de autorizaci\u00f3n para la&nbsp;<strong>administraci\u00f3n de medicaci\u00f3n<\/strong>.&nbsp;<a href=\"https:\/\/www.cas-aranjuez.org\/wpcas\/wp-content\/uploads\/2023\/06\/Ficha-Administracion-Medicamentos.pdf\" target=\"_blank\" rel=\"noopener\">AQU\u00cd<\/a>.<br>\n<h3>&nbsp;<\/h3>\n<\/li>\n<\/ul>\n<\/div>\n<\/div>\n<\/div>\n\n\n<div class=\"wp-block-columns is-layout-flex wp-container-core-columns-is-layout-9d6595d7 wp-block-columns-is-layout-flex\">\n<div class=\"wp-block-column is-layout-flow wp-block-column-is-layout-flow\">\n<figure class=\"wp-block-image size-full\"><img loading=\"lazy\" decoding=\"async\" width=\"409\" height=\"130\" src=\"https:\/\/www.cas-aranjuez.org\/wpcas\/wp-content\/uploads\/2022\/09\/schoolnurses.png\" alt=\"\" class=\"wp-image-74688\" srcset=\"https:\/\/www.cas-aranjuez.org\/wpcas\/wp-content\/uploads\/2022\/09\/schoolnurses.png 409w, https:\/\/www.cas-aranjuez.org\/wpcas\/wp-content\/uploads\/2022\/09\/schoolnurses-360x114.png 360w\" sizes=\"auto, (max-width: 409px) 100vw, 409px\" \/><\/figure>\n<\/div>\n\n\n\n<div class=\"wp-block-column is-layout-flow wp-block-column-is-layout-flow\">\n<figure class=\"wp-block-video\"><video controls src=\"https:\/\/www.cas-aranjuez.org\/wpcas\/wp-content\/uploads\/2022\/09\/VIDEO-INTRO-SCHOOL-NURSES.mp4\"><\/video><\/figure>\n<\/div>\n<\/div>\n\n\n\n<figure class=\"wp-block-image size-large\"><img loading=\"lazy\" decoding=\"async\" width=\"1024\" height=\"185\" src=\"https:\/\/www.cas-aranjuez.org\/wpcas\/wp-content\/uploads\/2020\/11\/documentos-1024x185.jpg\" alt=\"\" class=\"wp-image-53556\" srcset=\"https:\/\/www.cas-aranjuez.org\/wpcas\/wp-content\/uploads\/2020\/11\/documentos-1024x185.jpg 1024w, https:\/\/www.cas-aranjuez.org\/wpcas\/wp-content\/uploads\/2020\/11\/documentos-512x92.jpg 512w, https:\/\/www.cas-aranjuez.org\/wpcas\/wp-content\/uploads\/2020\/11\/documentos-768x138.jpg 768w, https:\/\/www.cas-aranjuez.org\/wpcas\/wp-content\/uploads\/2020\/11\/documentos-1536x277.jpg 1536w, https:\/\/www.cas-aranjuez.org\/wpcas\/wp-content\/uploads\/2020\/11\/documentos-360x65.jpg 360w, https:\/\/www.cas-aranjuez.org\/wpcas\/wp-content\/uploads\/2020\/11\/documentos.jpg 1676w\" sizes=\"auto, (max-width: 1024px) 100vw, 1024px\" \/><\/figure>\n\n\n\n<h2 class=\"has-vivid-red-color has-text-color wp-block-heading\"><strong>SERVICIO DE ENFERMER\u00cdA ESCOLAR<\/strong><\/h2>\n\n\n\n<h4 class=\"wp-block-heading\">1.1. <strong>Protocolos, actividades y formaci\u00f3n.<\/strong><\/h4>\n\n\n\n<ol class=\"wp-block-list\"><li>Plan de iniciaci\u00f3n y formaci\u00f3n en primeros auxilios para escolares. <a href=\"https:\/\/www.cas-aranjuez.org\/wpcas\/wp-content\/uploads\/2020\/11\/1.1.1.-PLAN-DE-INICIACI\u00d3N-Y-FORMACI\u00d3N-CONTINUADA-EN-PRIMEROS-AUXILIOS.pdf\" target=\"_blank\" rel=\"noreferrer noopener\" aria-label=\"AQU\u00cd (se abre en una nueva pesta\u00f1a)\">AQU\u00cd<\/a>.<\/li><li>Programaci\u00f3n de reconocimientos. <a href=\"https:\/\/www.cas-aranjuez.org\/wpcas\/wp-content\/uploads\/2020\/11\/1.1.2.-PLANING-RECONOCIMIENTOS.pdf\" target=\"_blank\" rel=\"noreferrer noopener\" aria-label=\"AQU\u00cd (se abre en una nueva pesta\u00f1a)\">AQU\u00cd<\/a>. <\/li><li>Protocolo de actuaci\u00f3n ante emergencias en el colegio. <a href=\"https:\/\/www.cas-aranjuez.org\/wpcas\/wp-content\/uploads\/2020\/11\/1.1.3.-PROTOCOLO-DE-ACTUACI\u00d3N-ANTE-EMERGENCIAS-EN-COLEGIO.pdf\" target=\"_blank\" rel=\"noreferrer noopener\" aria-label=\"AQU\u00cd (se abre en una nueva pesta\u00f1a)\">AQU\u00cd<\/a>. <\/li><li>Taller de RCP para alumnos. <a href=\"https:\/\/www.cas-aranjuez.org\/wpcas\/wp-content\/uploads\/2020\/11\/1.1.4.-TALLER-RCP-PARA-ALUMNOS.pdf\" target=\"_blank\" rel=\"noreferrer noopener\" aria-label=\"AQU\u00cd (se abre en una nueva pesta\u00f1a)\">AQU\u00cd<\/a>. <\/li><li>Sesi\u00f3n de RCP y primeros auxilios para profesores. <a href=\"https:\/\/www.cas-aranjuez.org\/wpcas\/wp-content\/uploads\/2020\/11\/1.1.5.-SESI\u00d3N-RCP-Y-PRIMEROS-AUXILIOS-PROFESORADO-CAS.pdf\" target=\"_blank\" rel=\"noreferrer noopener\" aria-label=\"AQU\u00cd (se abre en una nueva pesta\u00f1a)\">AQU\u00cd<\/a>. <\/li><li>Autorizaci\u00f3n para la administraci\u00f3n de medicamentos. <a href=\"https:\/\/www.cas-aranjuez.org\/wpcas\/wp-content\/uploads\/2020\/11\/1.1.6.-AUTORIZACION-ADM-MEDICINAS.pdf\" target=\"_blank\" rel=\"noreferrer noopener\" aria-label=\"AQU\u00cd (se abre en una nueva pesta\u00f1a)\">AQU\u00cd<\/a>. <\/li><\/ol>\n\n\n\n<h4 class=\"wp-block-heading\">&nbsp;1.2. <strong>Campa\u00f1as.<\/strong><\/h4>\n\n\n\n<ol class=\"wp-block-list\"><li>Almuerzo Saludable infantil y primaria. <a rel=\"noreferrer noopener\" aria-label=\"AQU\u00cd (se abre en una nueva pesta\u00f1a)\" href=\"https:\/\/www.cas-aranjuez.org\/wpcas\/wp-content\/uploads\/2020\/11\/1.2.1.-Campa\u00f1a-Almuerzo-saludable-infantil-y-primaria.pdf\" target=\"_blank\">AQU\u00cd<\/a>. <\/li><li>Almuerzo saludable ESO-BACH. <a rel=\"noreferrer noopener\" aria-label=\"AQU\u00cd (se abre en una nueva pesta\u00f1a)\" href=\"https:\/\/www.cas-aranjuez.org\/wpcas\/wp-content\/uploads\/2020\/11\/1.2.2.-Campa\u00f1a-Almuerzo-saludable-ESO-BCH.pdf\" target=\"_blank\">AQU\u00cd<\/a>. <\/li><li>Salud Bucodental Infantil. <a rel=\"noreferrer noopener\" aria-label=\"AQU\u00cd (se abre en una nueva pesta\u00f1a)\" href=\"https:\/\/www.cas-aranjuez.org\/wpcas\/wp-content\/uploads\/2020\/11\/1.2.3.-Campa\u00f1a-Salud-Bucodental-Infantil.pdf\" target=\"_blank\">AQU\u00cd<\/a>. <\/li><li>Salud Bucodental Primaria. <a rel=\"noreferrer noopener\" aria-label=\"AQU\u00cd (se abre en una nueva pesta\u00f1a)\" href=\"https:\/\/www.cas-aranjuez.org\/wpcas\/wp-content\/uploads\/2020\/11\/1.2.4.-Campa\u00f1a-Salud-Bucodental-Primaria.pdf\" target=\"_blank\">AQU\u00cd<\/a>. <\/li><li>Calor y actividad f\u00edsica ESO-BACH. <a rel=\"noreferrer noopener\" aria-label=\"AQU\u00cd (se abre en una nueva pesta\u00f1a)\" href=\"https:\/\/www.cas-aranjuez.org\/wpcas\/wp-content\/uploads\/2020\/11\/1.2.5.-Calor-y-actividad-f\u00edsica-CAMPA\u00d1A-CAS-ESO-Y-BACHILLER.pdf\" target=\"_blank\">AQU\u00cd<\/a>. <\/li><li>Calor y actividad f\u00edsica infantil y primaria. <a rel=\"noreferrer noopener\" aria-label=\"AQU\u00cd (se abre en una nueva pesta\u00f1a)\" href=\"https:\/\/www.cas-aranjuez.org\/wpcas\/wp-content\/uploads\/2020\/11\/1.2.6.-Calor-y-actividad-f\u00edsica-CAMPA\u00d1A-CAS-infantil-primaria.pdf\" target=\"_blank\">AQU\u00cd<\/a>. <\/li><li>Campa\u00f1a llegada de invierno. <a rel=\"noreferrer noopener\" aria-label=\"AQU\u00cd (se abre en una nueva pesta\u00f1a)\" href=\"https:\/\/www.cas-aranjuez.org\/wpcas\/wp-content\/uploads\/2020\/11\/1.2.7.-CAMPA\u00d1A-INVIERNO.pdf\" target=\"_blank\">AQU\u00cd<\/a>. <\/li><\/ol>\n","protected":false},"excerpt":{"rendered":"<p>Las actividades complementarias espor\u00e1dicas o puntuales (de un d\u00eda o de m\u00e1s de un d\u00eda), actividades extraescolares y los servicios complementarios organizados por el centro, tienen car\u00e1cter voluntario, no lucrativo y no discriminatorio. El precio correspondiente es aprobado por el <a href=\"https:\/\/www.cas-aranjuez.org\/wpcas\/servicio-medico\/\" class=\"read-more\">Leer m\u00e1s&#8230;<\/a><\/p>\n","protected":false},"author":1,"featured_media":0,"parent":0,"menu_order":0,"comment_status":"closed","ping_status":"closed","template":"","meta":{"ngg_post_thumbnail":0,"footnotes":""},"class_list":["post-797","page","type-page","status-publish","hentry"],"_links":{"self":[{"href":"https:\/\/www.cas-aranjuez.org\/wpcas\/wp-json\/wp\/v2\/pages\/797","targetHints":{"allow":["GET"]}}],"collection":[{"href":"https:\/\/www.cas-aranjuez.org\/wpcas\/wp-json\/wp\/v2\/pages"}],"about":[{"href":"https:\/\/www.cas-aranjuez.org\/wpcas\/wp-json\/wp\/v2\/types\/page"}],"author":[{"embeddable":true,"href":"https:\/\/www.cas-aranjuez.org\/wpcas\/wp-json\/wp\/v2\/users\/1"}],"replies":[{"embeddable":true,"href":"https:\/\/www.cas-aranjuez.org\/wpcas\/wp-json\/wp\/v2\/comments?post=797"}],"version-history":[{"count":23,"href":"https:\/\/www.cas-aranjuez.org\/wpcas\/wp-json\/wp\/v2\/pages\/797\/revisions"}],"predecessor-version":[{"id":116221,"href":"https:\/\/www.cas-aranjuez.org\/wpcas\/wp-json\/wp\/v2\/pages\/797\/revisions\/116221"}],"wp:attachment":[{"href":"https:\/\/www.cas-aranjuez.org\/wpcas\/wp-json\/wp\/v2\/media?parent=797"}],"curies":[{"name":"wp","href":"https:\/\/api.w.org\/{rel}","templated":true}]}}