{"id":52836,"date":"2020-09-11T08:56:13","date_gmt":"2020-09-11T06:56:13","guid":{"rendered":"https:\/\/www.cas-aranjuez.org\/wpcas\/?page_id=52836"},"modified":"2020-09-11T09:48:24","modified_gmt":"2020-09-11T07:48:24","slug":"cas-tic","status":"publish","type":"page","link":"https:\/\/www.cas-aranjuez.org\/wpcas\/cas-tic\/","title":{"rendered":"CAS TIC"},"content":{"rendered":"\n<div class=\"wp-block-image\"><figure class=\"alignright\"><img loading=\"lazy\" decoding=\"async\" width=\"346\" height=\"145\" src=\"http:\/\/www.cas-aranjuez.org\/wpcas\/wp-content\/uploads\/2018\/03\/BIT-CAS.png\" alt=\"\" class=\"wp-image-6723\"\/><\/figure><\/div>\n\n\n\n<p>En el Colegio Ap\u00f3stol Santiago apostamos por las nuevas tecnolog\u00edas como base de la formaci\u00f3n de nuestros alumnos. La inclusi\u00f3n de nuevos elementos de trabajo diario tanto en los niveles de Educaci\u00f3n Primaria como en Bachillerato con el programa <a href=\"http:\/\/www.cas-aranjuez.org\/exp\/sites\/default\/files\/public\/docs\/noticias\/Folleto%20BITCAS%202017-2019.pdf\">BIT CAS<\/a>, hacen de nuestro centro un lugar docente innovador, adaptado a los nuevos tiempos y a las generaciones presentes, donde el futuro del alumno est\u00e1 estrechamente ligado a estas tecnolog\u00edas.<\/p>\n\n\n\n<p>Desde hace muchos a\u00f1os hemos ido incorporando nuevas formas de aprendizaje formando a nuestro profesorado para el uso de las TIC y su incorporaci\u00f3n al aula. Hoy en d\u00eda es una realidad, donde gozamos ya de la experiencia de nuestros docentes para conseguir un objetivo claro: formar a nuestros alumnos.<\/p>\n\n\n\n<p><strong>Ver Noticias:<\/strong><\/p>\n\n\n\n<p><a href=\"http:\/\/www.cas-aranjuez.org\/wpcas\/category\/TICS\/\">Accede a la p\u00e1gina de Tecnolog\u00edas de la Comunicaci\u00f3n y la Informaci\u00f3n<\/a><\/p>\n","protected":false},"excerpt":{"rendered":"<p>En el Colegio Ap\u00f3stol Santiago apostamos por las nuevas tecnolog\u00edas como base de la formaci\u00f3n de nuestros alumnos. La inclusi\u00f3n de nuevos elementos de trabajo diario tanto en los niveles de Educaci\u00f3n Primaria como en Bachillerato con el programa BIT <a href=\"https:\/\/www.cas-aranjuez.org\/wpcas\/cas-tic\/\" class=\"read-more\">Leer m\u00e1s&#8230;<\/a><\/p>\n","protected":false},"author":12,"featured_media":52854,"parent":0,"menu_order":0,"comment_status":"closed","ping_status":"closed","template":"","meta":{"ngg_post_thumbnail":0,"footnotes":""},"class_list":["post-52836","page","type-page","status-publish","has-post-thumbnail","hentry"],"_links":{"self":[{"href":"https:\/\/www.cas-aranjuez.org\/wpcas\/wp-json\/wp\/v2\/pages\/52836","targetHints":{"allow":["GET"]}}],"collection":[{"href":"https:\/\/www.cas-aranjuez.org\/wpcas\/wp-json\/wp\/v2\/pages"}],"about":[{"href":"https:\/\/www.cas-aranjuez.org\/wpcas\/wp-json\/wp\/v2\/types\/page"}],"author":[{"embeddable":true,"href":"https:\/\/www.cas-aranjuez.org\/wpcas\/wp-json\/wp\/v2\/users\/12"}],"replies":[{"embeddable":true,"href":"https:\/\/www.cas-aranjuez.org\/wpcas\/wp-json\/wp\/v2\/comments?post=52836"}],"version-history":[{"count":2,"href":"https:\/\/www.cas-aranjuez.org\/wpcas\/wp-json\/wp\/v2\/pages\/52836\/revisions"}],"predecessor-version":[{"id":52858,"href":"https:\/\/www.cas-aranjuez.org\/wpcas\/wp-json\/wp\/v2\/pages\/52836\/revisions\/52858"}],"wp:featuredmedia":[{"embeddable":true,"href":"https:\/\/www.cas-aranjuez.org\/wpcas\/wp-json\/wp\/v2\/media\/52854"}],"wp:attachment":[{"href":"https:\/\/www.cas-aranjuez.org\/wpcas\/wp-json\/wp\/v2\/media?parent=52836"}],"curies":[{"name":"wp","href":"https:\/\/api.w.org\/{rel}","templated":true}]}}