{"id":52834,"date":"2020-09-11T08:56:13","date_gmt":"2020-09-11T06:56:13","guid":{"rendered":"https:\/\/www.cas-aranjuez.org\/wpcas\/?page_id=52834"},"modified":"2020-09-11T09:43:13","modified_gmt":"2020-09-11T07:43:13","slug":"deportes-cas","status":"publish","type":"page","link":"https:\/\/www.cas-aranjuez.org\/wpcas\/deportes-cas\/","title":{"rendered":"Deportes CAS"},"content":{"rendered":"\n<p>El deporte forma parte de la historia y del proyecto educativo del centro, siendo una se\u00f1a de identidad del Colegio Ap\u00f3stol Santiago. La organizaci\u00f3n de la actividad extra escolar deportiva est\u00e1 pensada y elaborada desde el centro para educar a nuestros alumnos desde el deporte y la formaci\u00f3n en valores, para fomentar la actividad f\u00edsica de una forma divertida y saludable, con el objetivo principal de la motivaci\u00f3n para la participaci\u00f3n. El Colegio Ap\u00f3stol Santiago cree y potencia el juego limpio y el respeto a los dem\u00e1s y al entorno pr\u00f3ximo. Hacer deporte debe significar DISFRUTAR y CRECER con salud y diversi\u00f3n, con respeto y sentido de equipo y responsabilidad.<\/p>\n\n\n\n<p>Las actividades deportivas est\u00e1n coordinadas por los Delegados Deportivos del Colegio y, aquellas referentes a deportes de equipo, son llevadas a cabo por entrenadores, monitores y educadores. El Colegio ampl\u00eda su propuesta deportiva en coordinaci\u00f3n con otras entidades deportivas que comparten nuestra filosof\u00eda de trabajo. As\u00ed, se promociona el judo, baloncesto, balonmano, f\u00fatbol, patinaje, atletismo, tenis\u2026 Contamos con la colaboraci\u00f3n de nuestro AMPA en la promoci\u00f3n deportiva. Gracias a patrocinadores y colaboradores logramos que equipaciones y premios lleguen a todos. \u00a1Gracias!<\/p>\n\n\n\n<p><strong>EL PROGRAMA DEPORTIVO EXTRA ESCOLAR&nbsp;ANUAL<\/strong><\/p>\n\n\n\n<p>La actividad deportiva comienza a primeros de octubre y se mantiene hasta mayo-junio. En los \u00faltimos a\u00f1os, se gestionan m\u00e1s de 20 equipos que participan en diferentes ligas. Cada curso, m\u00e1s de 600 alumnos participan en alguna actividad deportiva en competici\u00f3n y otros 100, en actividades no competitivas. Sin nombrar todo el deporte extra escolar anual, destacamos entre otros:&nbsp;<em>CAMPEONATO DE CROSS (Campo a trav\u00e9s),&nbsp;<\/em><em>D\u00cdA DE LA BICICLETA,&nbsp;<\/em><em>CAMPEONATO ATLETISMO MUNICIPAL,&nbsp;<\/em><em>CAMPEONATO ATLETISMO AUTON\u00d3MICO,&nbsp;<\/em><em>TORNEO FRESI-ESP\u00c1RRAGO,&nbsp;<\/em><em>JORNADA DE SAN JER\u00d3NIMO,&nbsp;<\/em><em>OLIMPIADA DE ALUMNOS,&nbsp;<\/em><em>OLIMPIADA DE ANTIGUOS ALUMNOS,&nbsp;<\/em><em>JORNADA MUNICIPAL DE CLAUSURA,&nbsp;<\/em><em>FIESTA DEL DEPORTE DEL CENTRO,&nbsp;<\/em><em>COLABORACI\u00d3N CON OTRAS ENTIDADES DEPORTIVAS (JUDO, PATINAJE, BALONMANO, CAMPUS DE BASKET CAS-VILLA\u2026)<\/em><\/p>\n\n\n\n<p><strong>DEPORTE. Informaci\u00f3n y noticias:<\/strong><\/p>\n\n\n\n<ul class=\"wp-block-list\"><li><a href=\"http:\/\/www.cas-aranjuez.org\/wpcas\/category\/deportes\/\" target=\"_blank\" rel=\"noreferrer noopener\"> Accede a toda la informaci\u00f3n del Deporte<\/a><\/li><\/ul>\n\n\n\n<div class=\"wp-block-image\"><figure class=\"alignright size-large\"><img loading=\"lazy\" decoding=\"async\" width=\"125\" height=\"58\" src=\"https:\/\/www.cas-aranjuez.org\/wpcas\/wp-content\/uploads\/2018\/01\/icono-deportes-copia_7.jpg\" alt=\"\" class=\"wp-image-3206\"\/><\/figure><\/div>\n","protected":false},"excerpt":{"rendered":"<p>El deporte forma parte de la historia y del proyecto educativo del centro, siendo una se\u00f1a de identidad del Colegio Ap\u00f3stol Santiago. La organizaci\u00f3n de la actividad extra escolar deportiva est\u00e1 pensada y elaborada desde el centro para educar a <a href=\"https:\/\/www.cas-aranjuez.org\/wpcas\/deportes-cas\/\" class=\"read-more\">Leer m\u00e1s&#8230;<\/a><\/p>\n","protected":false},"author":12,"featured_media":52852,"parent":0,"menu_order":0,"comment_status":"closed","ping_status":"closed","template":"","meta":{"ngg_post_thumbnail":0,"footnotes":""},"class_list":["post-52834","page","type-page","status-publish","has-post-thumbnail","hentry"],"_links":{"self":[{"href":"https:\/\/www.cas-aranjuez.org\/wpcas\/wp-json\/wp\/v2\/pages\/52834","targetHints":{"allow":["GET"]}}],"collection":[{"href":"https:\/\/www.cas-aranjuez.org\/wpcas\/wp-json\/wp\/v2\/pages"}],"about":[{"href":"https:\/\/www.cas-aranjuez.org\/wpcas\/wp-json\/wp\/v2\/types\/page"}],"author":[{"embeddable":true,"href":"https:\/\/www.cas-aranjuez.org\/wpcas\/wp-json\/wp\/v2\/users\/12"}],"replies":[{"embeddable":true,"href":"https:\/\/www.cas-aranjuez.org\/wpcas\/wp-json\/wp\/v2\/comments?post=52834"}],"version-history":[{"count":2,"href":"https:\/\/www.cas-aranjuez.org\/wpcas\/wp-json\/wp\/v2\/pages\/52834\/revisions"}],"predecessor-version":[{"id":52856,"href":"https:\/\/www.cas-aranjuez.org\/wpcas\/wp-json\/wp\/v2\/pages\/52834\/revisions\/52856"}],"wp:featuredmedia":[{"embeddable":true,"href":"https:\/\/www.cas-aranjuez.org\/wpcas\/wp-json\/wp\/v2\/media\/52852"}],"wp:attachment":[{"href":"https:\/\/www.cas-aranjuez.org\/wpcas\/wp-json\/wp\/v2\/media?parent=52834"}],"curies":[{"name":"wp","href":"https:\/\/api.w.org\/{rel}","templated":true}]}}