{"id":50,"date":"2018-02-01T17:38:34","date_gmt":"2018-02-01T16:38:34","guid":{"rendered":"https:\/\/casaranjuez2.wordpress.com\/?page_id=50"},"modified":"2026-04-14T09:21:03","modified_gmt":"2026-04-14T07:21:03","slug":"vivo-aprendo-soy-cas","status":"publish","type":"page","link":"https:\/\/www.cas-aranjuez.org\/wpcas\/","title":{"rendered":"Formaci\u00f3n de monitores: Espacio Seguro y Primeros Auxilios"},"content":{"rendered":"\n<p>El pasado s\u00e1bado 11 de abril, los monitores de las actividades de verano del Colegio Ap\u00f3stol Santiago participaron en una jornada de formaci\u00f3n centrada en dos aspectos fundamentales: el&nbsp;<strong>Sistema de Espacio Seguro<\/strong>&nbsp;y los&nbsp;<strong>Primeros Auxilios<\/strong>.<\/p>\n\n\n\n<p>A lo largo del d\u00eda, trabajamos distintos contenidos orientados a garantizar un entorno seguro para todos los ni\u00f1os y j\u00f3venes que participar\u00e1n en nuestras actividades. Reflexionamos sobre la importancia del cuidado, la prevenci\u00f3n y la responsabilidad que implica acompa\u00f1ar a otros, especialmente a los m\u00e1s peque\u00f1os. La formaci\u00f3n de primeros auxilios permiti\u00f3 tambi\u00e9n adquirir herramientas pr\u00e1cticas para saber c\u00f3mo actuar ante posibles situaciones de emergencia, reforzando as\u00ed la preparaci\u00f3n de todo el equipo. <\/p>\n\n\n\n<p>M\u00e1s all\u00e1 de los contenidos, fue una jornada de encuentro, convivencia y construcci\u00f3n de equipo, en la que seguimos dando pasos juntos hacia el pr\u00f3ximo verano. Desde el colegio queremos agradecer la disponibilidad y compromiso de todos los monitores, que una vez m\u00e1s demuestran su implicaci\u00f3n y ganas de ofrecer lo mejor a los dem\u00e1s.<\/p>\n\n\n\t\t<div class=\"wppsac-wrap wppsac-slick-slider-wrp wppsac-clearfix \" data-conf=\"{&quot;dots&quot;:&quot;true&quot;,&quot;arrows&quot;:&quot;true&quot;,&quot;autoplay&quot;:&quot;true&quot;,&quot;autoplay_interval&quot;:3000,&quot;speed&quot;:500,&quot;rtl&quot;:&quot;false&quot;,&quot;lazyload&quot;:&quot;&quot;}\">\r\n\t\t\t<div id=\"wppsac-post-slider-1\" class=\"wppsac-post-slider-init wppsac-post-slider design-1\">\r\n\t\t\t\t<div class=\"wppsac-post-slides\">\r\n\t<div class=\"wppsac-post-content-position\">\r\n\t\t<div class=\"wppsac-post-content-left wp-medium-8 wpcolumns\">\r\n\t\t\t\t\t\t<div class=\"wppsac-post-categories\"><ul class=\"wppsac-post-categories-list\"><li><a href=\"https:\/\/www.cas-aranjuez.org\/wpcas\/category\/general\/\">GENERAL<\/a><\/li><\/ul><\/div>\r\n\t\t\t\r\n\t\t\t<h2 class=\"wppsac-post-title\">\r\n\t\t\t\t<a href=\"https:\/\/www.cas-aranjuez.org\/wpcas\/2026\/04\/17\/os-presentamos-el-11o-campuscas-basket-aranjuez-2026\/\">Os presentamos el 11\u00ba CAMPUSCAS-BASKET ARANJUEZ 2026<\/a>\r\n\t\t\t<\/h2>\r\n\r\n\t\t\t\t\t\t<div class=\"wppsac-post-date\">\r\n\t\t\t\t\t\t\t\t\t<span>By Jos\u00e9 Carrascosa<\/span>\r\n\t\t\t\t \/ 17 abril, 2026\t\t\t<\/div>\r\n\t\t\t\t\t\t<div class=\"wppsac-post-content\">\r\n\t\t\t\t<div class=\"wppsac-sub-content\">Este\u00a0campus de baloncesto\u00a0nace y crece desde la coordinaci\u00f3n de un proyecto deportivo y educativo en com\u00fan entre las dos entidades,...<\/div>\r\n\t\t\t\t\r\n\t\t\t\t\t\t\t\t<a class=\"wppsac-readmorebtn\" href=\"https:\/\/www.cas-aranjuez.org\/wpcas\/2026\/04\/17\/os-presentamos-el-11o-campuscas-basket-aranjuez-2026\/\">Read More<\/a>\r\n\t\t\t\t\t\t\t<\/div>\r\n\t\t\t\t\t<\/div>\r\n\t\t<div class=\"wppsac-post-image-bg\">\r\n\t\t\t<a href=\"https:\/\/www.cas-aranjuez.org\/wpcas\/2026\/04\/17\/os-presentamos-el-11o-campuscas-basket-aranjuez-2026\/\">\r\n\t\t\t\t\t\t\t\t<img decoding=\"async\" class=\"wppsac-post-image\"  src=\"https:\/\/www.cas-aranjuez.org\/wpcas\/wp-content\/uploads\/2026\/03\/Campus-CasBasket-2026.png\" alt=\"Os presentamos el 11\u00ba CAMPUSCAS-BASKET ARANJUEZ 2026\" \/>\r\n\t\t\t\t\t\t\t<\/a>\r\n\t\t<\/div>\r\n\t<\/div>\r\n<\/div><div class=\"wppsac-post-slides\">\r\n\t<div class=\"wppsac-post-content-position\">\r\n\t\t<div class=\"wppsac-post-content-left wp-medium-8 wpcolumns\">\r\n\t\t\t\t\t\t<div class=\"wppsac-post-categories\"><ul class=\"wppsac-post-categories-list\"><li><a href=\"https:\/\/www.cas-aranjuez.org\/wpcas\/category\/noticias\/\">Noticias<\/a><\/li><li><a href=\"https:\/\/www.cas-aranjuez.org\/wpcas\/category\/pastoral\/\">PASTORAL<\/a><\/li><\/ul><\/div>\r\n\t\t\t\r\n\t\t\t<h2 class=\"wppsac-post-title\">\r\n\t\t\t\t<a href=\"https:\/\/www.cas-aranjuez.org\/wpcas\/2026\/04\/15\/xi-edicion-de-teatro-solidario-en-aranjuez\/\">XI Edici\u00f3n de Teatro Solidario en Aranjuez<\/a>\r\n\t\t\t<\/h2>\r\n\r\n\t\t\t\t\t\t<div class=\"wppsac-post-date\">\r\n\t\t\t\t\t\t\t\t\t<span>By Jos\u00e9 Carrascosa<\/span>\r\n\t\t\t\t \/ 15 abril, 2026\t\t\t<\/div>\r\n\t\t\t\t\t\t<div class=\"wppsac-post-content\">\r\n\t\t\t\t<div class=\"wppsac-sub-content\">Teatro y compromiso unidos en la XI edici\u00f3n de Encuentro Teatro Solidario Real Sitio y Villa de Aranjuez Este pr\u00f3ximo\u00a0s\u00e1bado...<\/div>\r\n\t\t\t\t\r\n\t\t\t\t\t\t\t\t<a class=\"wppsac-readmorebtn\" href=\"https:\/\/www.cas-aranjuez.org\/wpcas\/2026\/04\/15\/xi-edicion-de-teatro-solidario-en-aranjuez\/\">Read More<\/a>\r\n\t\t\t\t\t\t\t<\/div>\r\n\t\t\t\t\t<\/div>\r\n\t\t<div class=\"wppsac-post-image-bg\">\r\n\t\t\t<a href=\"https:\/\/www.cas-aranjuez.org\/wpcas\/2026\/04\/15\/xi-edicion-de-teatro-solidario-en-aranjuez\/\">\r\n\t\t\t\t\t\t\t\t<img decoding=\"async\" class=\"wppsac-post-image\"  src=\"https:\/\/www.cas-aranjuez.org\/wpcas\/wp-content\/uploads\/2026\/04\/WEB-el-nombre.jpg\" alt=\"XI Edici\u00f3n de Teatro Solidario en Aranjuez\" \/>\r\n\t\t\t\t\t\t\t<\/a>\r\n\t\t<\/div>\r\n\t<\/div>\r\n<\/div><div class=\"wppsac-post-slides\">\r\n\t<div class=\"wppsac-post-content-position\">\r\n\t\t<div class=\"wppsac-post-content-left wp-medium-8 wpcolumns\">\r\n\t\t\t\t\t\t<div class=\"wppsac-post-categories\"><ul class=\"wppsac-post-categories-list\"><li><a href=\"https:\/\/www.cas-aranjuez.org\/wpcas\/category\/pastoral\/\">PASTORAL<\/a><\/li><\/ul><\/div>\r\n\t\t\t\r\n\t\t\t<h2 class=\"wppsac-post-title\">\r\n\t\t\t\t<a href=\"https:\/\/www.cas-aranjuez.org\/wpcas\/2026\/04\/13\/formacion-de-monitores-espacio-seguro-y-primeros-auxilios\/\">Formaci\u00f3n de monitores: Espacio Seguro y Primeros Auxilios<\/a>\r\n\t\t\t<\/h2>\r\n\r\n\t\t\t\t\t\t<div class=\"wppsac-post-date\">\r\n\t\t\t\t\t\t\t\t\t<span>By Ambrosius Turuk<\/span>\r\n\t\t\t\t \/ 13 abril, 2026\t\t\t<\/div>\r\n\t\t\t\t\t\t<div class=\"wppsac-post-content\">\r\n\t\t\t\t<div class=\"wppsac-sub-content\">El pasado s\u00e1bado 11 de abril, los monitores de las actividades de verano del Colegio Ap\u00f3stol Santiago participaron en una...<\/div>\r\n\t\t\t\t\r\n\t\t\t\t\t\t\t\t<a class=\"wppsac-readmorebtn\" href=\"https:\/\/www.cas-aranjuez.org\/wpcas\/2026\/04\/13\/formacion-de-monitores-espacio-seguro-y-primeros-auxilios\/\">Read More<\/a>\r\n\t\t\t\t\t\t\t<\/div>\r\n\t\t\t\t\t<\/div>\r\n\t\t<div class=\"wppsac-post-image-bg\">\r\n\t\t\t<a href=\"https:\/\/www.cas-aranjuez.org\/wpcas\/2026\/04\/13\/formacion-de-monitores-espacio-seguro-y-primeros-auxilios\/\">\r\n\t\t\t\t\t\t\t\t<img decoding=\"async\" class=\"wppsac-post-image\"  src=\"https:\/\/www.cas-aranjuez.org\/wpcas\/wp-content\/uploads\/2026\/04\/cabecera_formacion_monitores.png\" alt=\"Formaci\u00f3n de monitores: Espacio Seguro y Primeros Auxilios\" \/>\r\n\t\t\t\t\t\t\t<\/a>\r\n\t\t<\/div>\r\n\t<\/div>\r\n<\/div><div class=\"wppsac-post-slides\">\r\n\t<div class=\"wppsac-post-content-position\">\r\n\t\t<div class=\"wppsac-post-content-left wp-medium-8 wpcolumns\">\r\n\t\t\t\t\t\t<div class=\"wppsac-post-categories\"><ul class=\"wppsac-post-categories-list\"><li><a href=\"https:\/\/www.cas-aranjuez.org\/wpcas\/category\/pastoral\/\">PASTORAL<\/a><\/li><\/ul><\/div>\r\n\t\t\t\r\n\t\t\t<h2 class=\"wppsac-post-title\">\r\n\t\t\t\t<a href=\"https:\/\/www.cas-aranjuez.org\/wpcas\/2026\/04\/10\/pascua-joven-2026-sabado-santo-y-domingo-de-resurreccion-un-si-en-el-silencio-y-la-vida-que-lo-desborda-todo\/\">Pascua J\u00f3ven 2026 | S\u00e1bado Santo y Domingo de Resurrecci\u00f3n: \u00abUn s\u00ed en el silencio\u2026 y la vida que lo desborda todo\u00bb<\/a>\r\n\t\t\t<\/h2>\r\n\r\n\t\t\t\t\t\t<div class=\"wppsac-post-date\">\r\n\t\t\t\t\t\t\t\t\t<span>By Ambrosius Turuk<\/span>\r\n\t\t\t\t \/ 10 abril, 2026\t\t\t<\/div>\r\n\t\t\t\t\t\t<div class=\"wppsac-post-content\">\r\n\t\t\t\t<div class=\"wppsac-sub-content\">Despu\u00e9s del peso de la cruz y del silencio del Viernes Santo, la Pascua nos condujo al d\u00eda m\u00e1s extra\u00f1o...<\/div>\r\n\t\t\t\t\r\n\t\t\t\t\t\t\t\t<a class=\"wppsac-readmorebtn\" href=\"https:\/\/www.cas-aranjuez.org\/wpcas\/2026\/04\/10\/pascua-joven-2026-sabado-santo-y-domingo-de-resurreccion-un-si-en-el-silencio-y-la-vida-que-lo-desborda-todo\/\">Read More<\/a>\r\n\t\t\t\t\t\t\t<\/div>\r\n\t\t\t\t\t<\/div>\r\n\t\t<div class=\"wppsac-post-image-bg\">\r\n\t\t\t<a href=\"https:\/\/www.cas-aranjuez.org\/wpcas\/2026\/04\/10\/pascua-joven-2026-sabado-santo-y-domingo-de-resurreccion-un-si-en-el-silencio-y-la-vida-que-lo-desborda-todo\/\">\r\n\t\t\t\t\t\t\t\t<img decoding=\"async\" class=\"wppsac-post-image\"  src=\"https:\/\/www.cas-aranjuez.org\/wpcas\/wp-content\/uploads\/2026\/04\/DSC_0311-scaled.jpg\" alt=\"Pascua J\u00f3ven 2026 | S\u00e1bado Santo y Domingo de Resurrecci\u00f3n: \u00abUn s\u00ed en el silencio\u2026 y la vida que lo desborda todo\u00bb\" \/>\r\n\t\t\t\t\t\t\t<\/a>\r\n\t\t<\/div>\r\n\t<\/div>\r\n<\/div><div class=\"wppsac-post-slides\">\r\n\t<div class=\"wppsac-post-content-position\">\r\n\t\t<div class=\"wppsac-post-content-left wp-medium-8 wpcolumns\">\r\n\t\t\t\t\t\t<div class=\"wppsac-post-categories\"><ul class=\"wppsac-post-categories-list\"><li><a href=\"https:\/\/www.cas-aranjuez.org\/wpcas\/category\/general\/\">GENERAL<\/a><\/li><\/ul><\/div>\r\n\t\t\t\r\n\t\t\t<h2 class=\"wppsac-post-title\">\r\n\t\t\t\t<a href=\"https:\/\/www.cas-aranjuez.org\/wpcas\/2026\/04\/08\/sistema-interno-de-informacion-sii-y-canal-de-denuncias\/\">Sistema Interno de Informaci\u00f3n (SII) y canal de denuncias<\/a>\r\n\t\t\t<\/h2>\r\n\r\n\t\t\t\t\t\t<div class=\"wppsac-post-date\">\r\n\t\t\t\t\t\t\t\t\t<span>By Jos\u00e9 Carrascosa<\/span>\r\n\t\t\t\t \/ 8 abril, 2026\t\t\t<\/div>\r\n\t\t\t\t\t\t<div class=\"wppsac-post-content\">\r\n\t\t\t\t<div class=\"wppsac-sub-content\">Con el objetivo de seguir promoviendo un entorno seguro, \u00e9tico y transparente para toda la comunidad educativa y en cumplimiento...<\/div>\r\n\t\t\t\t\r\n\t\t\t\t\t\t\t\t<a class=\"wppsac-readmorebtn\" href=\"https:\/\/www.cas-aranjuez.org\/wpcas\/2026\/04\/08\/sistema-interno-de-informacion-sii-y-canal-de-denuncias\/\">Read More<\/a>\r\n\t\t\t\t\t\t\t<\/div>\r\n\t\t\t\t\t<\/div>\r\n\t\t<div class=\"wppsac-post-image-bg\">\r\n\t\t\t<a href=\"https:\/\/www.cas-aranjuez.org\/wpcas\/2026\/04\/08\/sistema-interno-de-informacion-sii-y-canal-de-denuncias\/\">\r\n\t\t\t\t\t\t\t\t<img decoding=\"async\" class=\"wppsac-post-image\"  src=\"https:\/\/www.cas-aranjuez.org\/wpcas\/wp-content\/uploads\/2026\/04\/Banner-del-Sistema-Interno-de-Informacion-Canal-Denuncias.jpg\" alt=\"Sistema Interno de Informaci\u00f3n (SII) y canal de denuncias\" \/>\r\n\t\t\t\t\t\t\t<\/a>\r\n\t\t<\/div>\r\n\t<\/div>\r\n<\/div><div class=\"wppsac-post-slides\">\r\n\t<div class=\"wppsac-post-content-position\">\r\n\t\t<div class=\"wppsac-post-content-left wp-medium-8 wpcolumns\">\r\n\t\t\t\t\t\t<div class=\"wppsac-post-categories\"><ul class=\"wppsac-post-categories-list\"><li><a href=\"https:\/\/www.cas-aranjuez.org\/wpcas\/category\/bachillerato\/\">BACHILLERATO<\/a><\/li><li><a href=\"https:\/\/www.cas-aranjuez.org\/wpcas\/category\/educacion-secundaria-obligatoria\/\">EDUCACI\u00d3N SECUNDARIA OBLIGATORIA<\/a><\/li><\/ul><\/div>\r\n\t\t\t\r\n\t\t\t<h2 class=\"wppsac-post-title\">\r\n\t\t\t\t<a href=\"https:\/\/www.cas-aranjuez.org\/wpcas\/2026\/04\/07\/becas-mec-2026-2027-para-bachillerato\/\">Becas MEC 2026-2027 para Bachillerato<\/a>\r\n\t\t\t<\/h2>\r\n\r\n\t\t\t\t\t\t<div class=\"wppsac-post-date\">\r\n\t\t\t\t\t\t\t\t\t<span>By Jos\u00e9 Carrascosa<\/span>\r\n\t\t\t\t \/ 7 abril, 2026\t\t\t<\/div>\r\n\t\t\t\t\t\t<div class=\"wppsac-post-content\">\r\n\t\t\t\t<div class=\"wppsac-sub-content\">Las becas del Ministerio de Educaci\u00f3n y Formaci\u00f3n Profesional (MEC) para Bachillerato y Formaci\u00f3n Profesional (FP) correspondientes al curso 2026-2027...<\/div>\r\n\t\t\t\t\r\n\t\t\t\t\t\t\t\t<a class=\"wppsac-readmorebtn\" href=\"https:\/\/www.cas-aranjuez.org\/wpcas\/2026\/04\/07\/becas-mec-2026-2027-para-bachillerato\/\">Read More<\/a>\r\n\t\t\t\t\t\t\t<\/div>\r\n\t\t\t\t\t<\/div>\r\n\t\t<div class=\"wppsac-post-image-bg\">\r\n\t\t\t<a href=\"https:\/\/www.cas-aranjuez.org\/wpcas\/2026\/04\/07\/becas-mec-2026-2027-para-bachillerato\/\">\r\n\t\t\t\t\t\t\t\t<img decoding=\"async\" class=\"wppsac-post-image\"  src=\"https:\/\/www.cas-aranjuez.org\/wpcas\/wp-content\/uploads\/2026\/04\/Becas-MEC.jpg\" alt=\"Becas MEC 2026-2027 para Bachillerato\" \/>\r\n\t\t\t\t\t\t\t<\/a>\r\n\t\t<\/div>\r\n\t<\/div>\r\n<\/div><div class=\"wppsac-post-slides\">\r\n\t<div class=\"wppsac-post-content-position\">\r\n\t\t<div class=\"wppsac-post-content-left wp-medium-8 wpcolumns\">\r\n\t\t\t\t\t\t<div class=\"wppsac-post-categories\"><ul class=\"wppsac-post-categories-list\"><li><a href=\"https:\/\/www.cas-aranjuez.org\/wpcas\/category\/pastoral\/\">PASTORAL<\/a><\/li><\/ul><\/div>\r\n\t\t\t\r\n\t\t\t<h2 class=\"wppsac-post-title\">\r\n\t\t\t\t<a href=\"https:\/\/www.cas-aranjuez.org\/wpcas\/2026\/04\/04\/pascua-joven-2026-viernes-santo-el-si-que-no-se-rompio\/\">Pascua Joven 2026 | Viernes Santo: \u00abEl s\u00ed que no se rompi\u00f3\u00bb<\/a>\r\n\t\t\t<\/h2>\r\n\r\n\t\t\t\t\t\t<div class=\"wppsac-post-date\">\r\n\t\t\t\t\t\t\t\t\t<span>By Ambrosius Turuk<\/span>\r\n\t\t\t\t \/ 4 abril, 2026\t\t\t<\/div>\r\n\t\t\t\t\t\t<div class=\"wppsac-post-content\">\r\n\t\t\t\t<div class=\"wppsac-sub-content\">Hay d\u00edas en los que todo parece romperse. Se rompe la ilusi\u00f3n.Se rompe la seguridad.Se rompe la idea de que...<\/div>\r\n\t\t\t\t\r\n\t\t\t\t\t\t\t\t<a class=\"wppsac-readmorebtn\" href=\"https:\/\/www.cas-aranjuez.org\/wpcas\/2026\/04\/04\/pascua-joven-2026-viernes-santo-el-si-que-no-se-rompio\/\">Read More<\/a>\r\n\t\t\t\t\t\t\t<\/div>\r\n\t\t\t\t\t<\/div>\r\n\t\t<div class=\"wppsac-post-image-bg\">\r\n\t\t\t<a href=\"https:\/\/www.cas-aranjuez.org\/wpcas\/2026\/04\/04\/pascua-joven-2026-viernes-santo-el-si-que-no-se-rompio\/\">\r\n\t\t\t\t\t\t\t\t<img decoding=\"async\" class=\"wppsac-post-image\"  src=\"https:\/\/www.cas-aranjuez.org\/wpcas\/wp-content\/uploads\/2026\/04\/DSC_0153.jpg\" alt=\"Pascua Joven 2026 | Viernes Santo: \u00abEl s\u00ed que no se rompi\u00f3\u00bb\" \/>\r\n\t\t\t\t\t\t\t<\/a>\r\n\t\t<\/div>\r\n\t<\/div>\r\n<\/div><div class=\"wppsac-post-slides\">\r\n\t<div class=\"wppsac-post-content-position\">\r\n\t\t<div class=\"wppsac-post-content-left wp-medium-8 wpcolumns\">\r\n\t\t\t\t\t\t<div class=\"wppsac-post-categories\"><ul class=\"wppsac-post-categories-list\"><li><a href=\"https:\/\/www.cas-aranjuez.org\/wpcas\/category\/pastoral\/\">PASTORAL<\/a><\/li><\/ul><\/div>\r\n\t\t\t\r\n\t\t\t<h2 class=\"wppsac-post-title\">\r\n\t\t\t\t<a href=\"https:\/\/www.cas-aranjuez.org\/wpcas\/2026\/04\/03\/pascua-joven-2026-dia-1-y-2-un-si-que-abre-espacio-y-se-entrega-hasta-el-extremo\/\">Pascua Joven 2026 | D\u00eda 1 y 2: \u00abUn s\u00ed que abre espacio y se entrega hasta el extremo\u00bb<\/a>\r\n\t\t\t<\/h2>\r\n\r\n\t\t\t\t\t\t<div class=\"wppsac-post-date\">\r\n\t\t\t\t\t\t\t\t\t<span>By Ambrosius Turuk<\/span>\r\n\t\t\t\t \/ 3 abril, 2026\t\t\t<\/div>\r\n\t\t\t\t\t\t<div class=\"wppsac-post-content\">\r\n\t\t\t\t<div class=\"wppsac-sub-content\">La Pascua Joven 2026 ya ha comenzado bajo un lema que marcar\u00e1 cada uno de estos d\u00edas: \u201cEl s\u00ed que...<\/div>\r\n\t\t\t\t\r\n\t\t\t\t\t\t\t\t<a class=\"wppsac-readmorebtn\" href=\"https:\/\/www.cas-aranjuez.org\/wpcas\/2026\/04\/03\/pascua-joven-2026-dia-1-y-2-un-si-que-abre-espacio-y-se-entrega-hasta-el-extremo\/\">Read More<\/a>\r\n\t\t\t\t\t\t\t<\/div>\r\n\t\t\t\t\t<\/div>\r\n\t\t<div class=\"wppsac-post-image-bg\">\r\n\t\t\t<a href=\"https:\/\/www.cas-aranjuez.org\/wpcas\/2026\/04\/03\/pascua-joven-2026-dia-1-y-2-un-si-que-abre-espacio-y-se-entrega-hasta-el-extremo\/\">\r\n\t\t\t\t\t\t\t\t<img decoding=\"async\" class=\"wppsac-post-image\"  src=\"https:\/\/www.cas-aranjuez.org\/wpcas\/wp-content\/uploads\/2026\/04\/EL-SI-QUE-CAMBIO-LA-HISTORIA.jpeg\" alt=\"Pascua Joven 2026 | D\u00eda 1 y 2: \u00abUn s\u00ed que abre espacio y se entrega hasta el extremo\u00bb\" \/>\r\n\t\t\t\t\t\t\t<\/a>\r\n\t\t<\/div>\r\n\t<\/div>\r\n<\/div><div class=\"wppsac-post-slides\">\r\n\t<div class=\"wppsac-post-content-position\">\r\n\t\t<div class=\"wppsac-post-content-left wp-medium-8 wpcolumns\">\r\n\t\t\t\t\t\t<div class=\"wppsac-post-categories\"><ul class=\"wppsac-post-categories-list\"><li><a href=\"https:\/\/www.cas-aranjuez.org\/wpcas\/category\/educacion-primaria\/\">EDUCACI\u00d3N PRIMARIA<\/a><\/li><\/ul><\/div>\r\n\t\t\t\r\n\t\t\t<h2 class=\"wppsac-post-title\">\r\n\t\t\t\t<a href=\"https:\/\/www.cas-aranjuez.org\/wpcas\/2026\/04\/02\/aventura-de-pascua-en-el-jardin-del-principe\/\">Aventura de Pascua en el Jard\u00edn del Pr\u00edncipe<\/a>\r\n\t\t\t<\/h2>\r\n\r\n\t\t\t\t\t\t<div class=\"wppsac-post-date\">\r\n\t\t\t\t\t\t\t\t\t<span>By Javier Orihuela<\/span>\r\n\t\t\t\t \/ 2 abril, 2026\t\t\t<\/div>\r\n\t\t\t\t\t\t<div class=\"wppsac-post-content\">\r\n\t\t\t\t<div class=\"wppsac-sub-content\">Los alumnos de Educaci\u00f3n Primaria vivieron una jornada inolvidable con motivo de la celebraci\u00f3n de la Pascua. Ataviados con divertidos...<\/div>\r\n\t\t\t\t\r\n\t\t\t\t\t\t\t\t<a class=\"wppsac-readmorebtn\" href=\"https:\/\/www.cas-aranjuez.org\/wpcas\/2026\/04\/02\/aventura-de-pascua-en-el-jardin-del-principe\/\">Read More<\/a>\r\n\t\t\t\t\t\t\t<\/div>\r\n\t\t\t\t\t<\/div>\r\n\t\t<div class=\"wppsac-post-image-bg\">\r\n\t\t\t<a href=\"https:\/\/www.cas-aranjuez.org\/wpcas\/2026\/04\/02\/aventura-de-pascua-en-el-jardin-del-principe\/\">\r\n\t\t\t\t\t\t\t\t<img decoding=\"async\" class=\"wppsac-post-image\"  src=\"https:\/\/www.cas-aranjuez.org\/wpcas\/wp-content\/uploads\/2026\/04\/WhatsApp-Image-2026-04-02-at-14.17.04.jpeg\" alt=\"Aventura de Pascua en el Jard\u00edn del Pr\u00edncipe\" \/>\r\n\t\t\t\t\t\t\t<\/a>\r\n\t\t<\/div>\r\n\t<\/div>\r\n<\/div><div class=\"wppsac-post-slides\">\r\n\t<div class=\"wppsac-post-content-position\">\r\n\t\t<div class=\"wppsac-post-content-left wp-medium-8 wpcolumns\">\r\n\t\t\t\t\t\t<div class=\"wppsac-post-categories\"><ul class=\"wppsac-post-categories-list\"><li><a href=\"https:\/\/www.cas-aranjuez.org\/wpcas\/category\/educacion-primaria\/\">EDUCACI\u00d3N PRIMARIA<\/a><\/li><\/ul><\/div>\r\n\t\t\t\r\n\t\t\t<h2 class=\"wppsac-post-title\">\r\n\t\t\t\t<a href=\"https:\/\/www.cas-aranjuez.org\/wpcas\/2026\/04\/02\/talleres-creativos-en-las-olimpiadas\/\">Talleres creativos en las Olimpiadas<\/a>\r\n\t\t\t<\/h2>\r\n\r\n\t\t\t\t\t\t<div class=\"wppsac-post-date\">\r\n\t\t\t\t\t\t\t\t\t<span>By Javier Orihuela<\/span>\r\n\t\t\t\t \/ 2 abril, 2026\t\t\t<\/div>\r\n\t\t\t\t\t\t<div class=\"wppsac-post-content\">\r\n\t\t\t\t<div class=\"wppsac-sub-content\">Durante la celebraci\u00f3n de las Olimpiadas Escolares, el alumnado de Educaci\u00f3n Primaria no solo destac\u00f3 por su participaci\u00f3n en las...<\/div>\r\n\t\t\t\t\r\n\t\t\t\t\t\t\t\t<a class=\"wppsac-readmorebtn\" href=\"https:\/\/www.cas-aranjuez.org\/wpcas\/2026\/04\/02\/talleres-creativos-en-las-olimpiadas\/\">Read More<\/a>\r\n\t\t\t\t\t\t\t<\/div>\r\n\t\t\t\t\t<\/div>\r\n\t\t<div class=\"wppsac-post-image-bg\">\r\n\t\t\t<a href=\"https:\/\/www.cas-aranjuez.org\/wpcas\/2026\/04\/02\/talleres-creativos-en-las-olimpiadas\/\">\r\n\t\t\t\t\t\t\t\t<img decoding=\"async\" class=\"wppsac-post-image\"  src=\"https:\/\/www.cas-aranjuez.org\/wpcas\/wp-content\/uploads\/2026\/04\/WhatsApp-Image-2026-04-02-at-14.00.52-1.jpeg\" alt=\"Talleres creativos en las Olimpiadas\" \/>\r\n\t\t\t\t\t\t\t<\/a>\r\n\t\t<\/div>\r\n\t<\/div>\r\n<\/div>\t\t\t<\/div>\r\n\t\t<\/div>\r\n\t\n\n\n\n<div class=\"wp-block-media-text is-stacked-on-mobile\"><figure class=\"wp-block-media-text__media\"><img loading=\"lazy\" decoding=\"async\" width=\"1024\" height=\"419\" src=\"https:\/\/www.cas-aranjuez.org\/wpcas\/wp-content\/uploads\/2026\/04\/Becas-MEC-1024x419.jpg\" alt=\"\" class=\"wp-image-138368 size-full\" srcset=\"https:\/\/www.cas-aranjuez.org\/wpcas\/wp-content\/uploads\/2026\/04\/Becas-MEC-1024x419.jpg 1024w, https:\/\/www.cas-aranjuez.org\/wpcas\/wp-content\/uploads\/2026\/04\/Becas-MEC-512x210.jpg 512w, https:\/\/www.cas-aranjuez.org\/wpcas\/wp-content\/uploads\/2026\/04\/Becas-MEC-768x315.jpg 768w, https:\/\/www.cas-aranjuez.org\/wpcas\/wp-content\/uploads\/2026\/04\/Becas-MEC-1536x629.jpg 1536w, https:\/\/www.cas-aranjuez.org\/wpcas\/wp-content\/uploads\/2026\/04\/Becas-MEC-360x147.jpg 360w, https:\/\/www.cas-aranjuez.org\/wpcas\/wp-content\/uploads\/2026\/04\/Becas-MEC.jpg 1538w\" sizes=\"auto, (max-width: 1024px) 100vw, 1024px\" \/><\/figure><div class=\"wp-block-media-text__content\">\n<p><strong>BECAS MEC 26-27<\/strong>. <strong><a href=\"https:\/\/www.cas-aranjuez.org\/wpcas\/2026\/04\/07\/becas-mec-2026-2027-para-bachillerato\/\" target=\"_blank\" rel=\"noreferrer noopener\">AQU\u00cd<\/a><\/strong>.<\/p>\n<\/div><\/div>\n\n\n\n<div class=\"wp-block-media-text is-stacked-on-mobile\"><figure class=\"wp-block-media-text__media\"><img loading=\"lazy\" decoding=\"async\" width=\"1024\" height=\"379\" src=\"https:\/\/www.cas-aranjuez.org\/wpcas\/wp-content\/uploads\/2026\/02\/Examenes_Cambridge_2026-1024x379.jpg\" alt=\"\" class=\"wp-image-136331 size-full\" srcset=\"https:\/\/www.cas-aranjuez.org\/wpcas\/wp-content\/uploads\/2026\/02\/Examenes_Cambridge_2026-1024x379.jpg 1024w, https:\/\/www.cas-aranjuez.org\/wpcas\/wp-content\/uploads\/2026\/02\/Examenes_Cambridge_2026-512x190.jpg 512w, https:\/\/www.cas-aranjuez.org\/wpcas\/wp-content\/uploads\/2026\/02\/Examenes_Cambridge_2026-768x285.jpg 768w, https:\/\/www.cas-aranjuez.org\/wpcas\/wp-content\/uploads\/2026\/02\/Examenes_Cambridge_2026-360x133.jpg 360w, https:\/\/www.cas-aranjuez.org\/wpcas\/wp-content\/uploads\/2026\/02\/Examenes_Cambridge_2026.jpg 1514w\" sizes=\"auto, (max-width: 1024px) 100vw, 1024px\" \/><\/figure><div class=\"wp-block-media-text__content\">\n<p class=\"has-vivid-green-cyan-color has-text-color has-link-color wp-elements-56a367ddf068553456d96b871355e09e\"><strong>EX\u00c1MENES DE CAMBRIDGE 2026.<\/strong> <strong><a href=\"https:\/\/www.cas-aranjuez.org\/wpcas\/2026\/02\/12\/examenes-de-cambridge-2026\/\" target=\"_blank\" rel=\"noreferrer noopener\">AQU\u00cd<\/a><\/strong>.<\/p>\n<\/div><\/div>\n\n\n\n<div class=\"wp-block-media-text is-stacked-on-mobile\"><figure class=\"wp-block-media-text__media\"><img loading=\"lazy\" decoding=\"async\" width=\"836\" height=\"378\" src=\"https:\/\/www.cas-aranjuez.org\/wpcas\/wp-content\/uploads\/2026\/01\/CampamentoCAS2026-2-e1769165379985.jpg\" alt=\"\" class=\"wp-image-135823 size-full\" srcset=\"https:\/\/www.cas-aranjuez.org\/wpcas\/wp-content\/uploads\/2026\/01\/CampamentoCAS2026-2-e1769165379985.jpg 836w, https:\/\/www.cas-aranjuez.org\/wpcas\/wp-content\/uploads\/2026\/01\/CampamentoCAS2026-2-e1769165379985-512x232.jpg 512w, https:\/\/www.cas-aranjuez.org\/wpcas\/wp-content\/uploads\/2026\/01\/CampamentoCAS2026-2-e1769165379985-768x347.jpg 768w, https:\/\/www.cas-aranjuez.org\/wpcas\/wp-content\/uploads\/2026\/01\/CampamentoCAS2026-2-e1769165379985-360x163.jpg 360w\" sizes=\"auto, (max-width: 836px) 100vw, 836px\" \/><\/figure><div class=\"wp-block-media-text__content\">\n<p class=\"has-luminous-vivid-orange-color has-text-color has-link-color has-medium-font-size wp-elements-e65f6007b85b9b240fd4f9e1ae25bd1c\"><strong>CAMPAMENTOS DE VERANO CAS-2026 <a href=\"https:\/\/www.cas-aranjuez.org\/wpcas\/2026\/01\/23\/campamentos-de-verano-cas-2026\/\" target=\"_blank\" rel=\"noreferrer noopener\">AQU\u00cd<\/a><\/strong><\/p>\n<\/div><\/div>\n\n\n\n<div class=\"wp-block-media-text is-stacked-on-mobile\"><figure class=\"wp-block-media-text__media\"><img loading=\"lazy\" decoding=\"async\" width=\"1024\" height=\"381\" src=\"https:\/\/www.cas-aranjuez.org\/wpcas\/wp-content\/uploads\/2026\/01\/Pequecas-26-27-1024x381.jpg\" alt=\"\" class=\"wp-image-135790 size-full\" srcset=\"https:\/\/www.cas-aranjuez.org\/wpcas\/wp-content\/uploads\/2026\/01\/Pequecas-26-27-1024x381.jpg 1024w, https:\/\/www.cas-aranjuez.org\/wpcas\/wp-content\/uploads\/2026\/01\/Pequecas-26-27-512x191.jpg 512w, https:\/\/www.cas-aranjuez.org\/wpcas\/wp-content\/uploads\/2026\/01\/Pequecas-26-27-768x286.jpg 768w, https:\/\/www.cas-aranjuez.org\/wpcas\/wp-content\/uploads\/2026\/01\/Pequecas-26-27-360x134.jpg 360w, https:\/\/www.cas-aranjuez.org\/wpcas\/wp-content\/uploads\/2026\/01\/Pequecas-26-27.jpg 1506w\" sizes=\"auto, (max-width: 1024px) 100vw, 1024px\" \/><\/figure><div class=\"wp-block-media-text__content\">\n<p class=\"has-medium-font-size\">RESERVA DE PLAZA <strong><a href=\"https:\/\/www.cas-aranjuez.org\/wpcas\/2026\/01\/13\/pequecas-infantil-1-3-anos-abierto-el-plazo-de-reserva-de-plaza\/\" target=\"_blank\" rel=\"noreferrer noopener\">aqu\u00ed<\/a><\/strong><\/p>\n<\/div><\/div>\n\n\n\n<p><\/p>\n","protected":false},"excerpt":{"rendered":"<p>El pasado s\u00e1bado 11 de abril, los monitores de las actividades de verano del Colegio Ap\u00f3stol Santiago participaron en una jornada de formaci\u00f3n centrada en dos aspectos fundamentales: el&nbsp;Sistema de Espacio Seguro&nbsp;y los&nbsp;Primeros Auxilios. A lo largo del d\u00eda, trabajamos <a href=\"https:\/\/www.cas-aranjuez.org\/wpcas\/2026\/04\/02\/talleres-creativos-en-las-olimpiadas\/\" class=\"read-more\">Leer m\u00e1s&#8230;<\/a><\/p>\n","protected":false},"author":12,"featured_media":138475,"parent":0,"menu_order":0,"comment_status":"closed","ping_status":"closed","template":"","meta":{"ngg_post_thumbnail":0,"footnotes":""},"class_list":["post-50","page","type-page","status-publish","has-post-thumbnail","hentry"],"_links":{"self":[{"href":"https:\/\/www.cas-aranjuez.org\/wpcas\/wp-json\/wp\/v2\/pages\/50","targetHints":{"allow":["GET"]}}],"collection":[{"href":"https:\/\/www.cas-aranjuez.org\/wpcas\/wp-json\/wp\/v2\/pages"}],"about":[{"href":"https:\/\/www.cas-aranjuez.org\/wpcas\/wp-json\/wp\/v2\/types\/page"}],"author":[{"embeddable":true,"href":"https:\/\/www.cas-aranjuez.org\/wpcas\/wp-json\/wp\/v2\/users\/12"}],"replies":[{"embeddable":true,"href":"https:\/\/www.cas-aranjuez.org\/wpcas\/wp-json\/wp\/v2\/comments?post=50"}],"version-history":[{"count":794,"href":"https:\/\/www.cas-aranjuez.org\/wpcas\/wp-json\/wp\/v2\/pages\/50\/revisions"}],"predecessor-version":[{"id":138478,"href":"https:\/\/www.cas-aranjuez.org\/wpcas\/wp-json\/wp\/v2\/pages\/50\/revisions\/138478"}],"wp:featuredmedia":[{"embeddable":true,"href":"https:\/\/www.cas-aranjuez.org\/wpcas\/wp-json\/wp\/v2\/media\/138475"}],"wp:attachment":[{"href":"https:\/\/www.cas-aranjuez.org\/wpcas\/wp-json\/wp\/v2\/media?parent=50"}],"curies":[{"name":"wp","href":"https:\/\/api.w.org\/{rel}","templated":true}]}}