{"id":267,"date":"2017-01-31T20:55:03","date_gmt":"2017-01-31T19:55:03","guid":{"rendered":"http:\/\/www.cas-aranjuez.org\/wpcas\/?page_id=267"},"modified":"2023-10-11T08:55:51","modified_gmt":"2023-10-11T06:55:51","slug":"envio-curriculum","status":"publish","type":"page","link":"https:\/\/www.cas-aranjuez.org\/wpcas\/envio-curriculum\/","title":{"rendered":"Env\u00edo Curr\u00edculum"},"content":{"rendered":"<div class=\"field field-name-body field-type-text-with-summary field-label-hidden\">\n<div class=\"field-items\">\n<div class=\"field-item even\">\n<p>El Colegio Ap\u00f3stol Santiago es un centro educativo de Aranjuez, con una identidad y proyecto propios de car\u00e1cter confesional cat\u00f3lico, cuya titularidad pertenece a la Orden religiosa de los Padres Somascos.<\/p>\n<p>Su oferta formativa actual est\u00e1 apoyada en una gran plantilla de profesionales, debidamente formados y titulados, y consta de:<\/p>\n<ul>\n<li>ENSE\u00d1ANZA CONCERTADA:\n<ul>\n<li>Educaci\u00f3n INFANTIL (Ciclo II, 3 a 6 a\u00f1os)<\/li>\n<li>Educaci\u00f3n PRIMARIA<\/li>\n<li>Educaci\u00f3n SECUNDARIA<\/li>\n<li>Programas de atenci\u00f3n a la diversidad y necesidades educativas especiales.<\/li>\n<\/ul>\n<\/li>\n<\/ul>\n<ul>\n<li>ENSE\u00d1ANZA PRIVADA:\n<ul>\n<li>Educaci\u00f3n Infantil (Ciclo I, 1-3 a\u00f1os).<\/li>\n<li>Bachillerato. Modalidades:\n<ul>\n<li>Humanidades y Ciencias Sociales.<\/li>\n<li>Ciencias.<\/li>\n<\/ul>\n<\/li>\n<\/ul>\n<\/li>\n<\/ul>\n<p>Este Colegio es centro certificado dentro del Programa BEDA, orientado a la potenciaci\u00f3n del ingl\u00e9s, con una gran oferta especializada en este idioma en sus distintos niveles.<\/p>\n<p>Adem\u00e1s, desarrolla una gran cantidad de actividades extraescolares que atienden a una amplia variedad de intereses de los alumnos y de sus familias: acciones deportivas, musicales, de aprendizaje de idiomas, de apoyo escolar, etc.<\/p>\n<p>Su proyecto educativo tambi\u00e9n se concreta en el desarrollo de acciones pastorales y de tiempo libre, actividades catequ\u00e9ticas y de voluntariado, campamentos y grupos&#8230; Todas estas l\u00edneas de trabajo vienen apuntaladas por el personal de administraci\u00f3n y servicios (P.A.S.), entre los que destacamos: Administraci\u00f3n, Secretar\u00eda, Servicio M\u00e9dico, Servicio psicopedag\u00f3gicos, etc.<\/p>\n<p>Si usted considera que puede sumarse al proyecto educativo de este centro y que su formaci\u00f3n, experiencia y sobre todo, titulaciones (y habilitaciones o capacitaciones si fuesen imprescindibles), son las necesarias y adecuadas para formar parte de la plantilla profesional del Colegio Ap\u00f3stol Santiago en alguna de las funciones arriba indicadas, le pedimos que env\u00ede su CURR\u00cdCULUM PROFESIONAL orientado a estas funciones y actualizado, al correo del centro (<a href=\"mailto:secretaria@cas-aranjuez.org\">secretaria@cas-aranjuez.org<\/a>), evitando la entrega en papel.<\/p>\n<p>Si se generasen posibles vacantes en nuestra plantilla y este centro estuviese interesado en su perfil profesional, teniendo en cuenta las diferentes funciones arriba expresadas, nos pondremos en contacto con usted a trav\u00e9s de alguno de los medios posibles recogidos en los datos de su curr\u00edculum (correo electr\u00f3nico, tel\u00e9fono, etc.).<\/p>\n<p>Gracias por pensar en nuestro centro como un lugar adecuado para su desarrollo profesional.<\/p>\n<p><strong>PROTECCI\u00d3N DE DATOS<\/strong><\/p>\n<p><strong>Consentimientos. Derechos de acceso, rectificaci\u00f3n, oposici\u00f3n y cancelaci\u00f3n.<\/strong><\/p>\n<p>En relaci\u00f3n a los datos que usted nos env\u00eda de forma voluntaria a trav\u00e9s de este correo y a la protecci\u00f3n de los mismos, y de conformidad con lo establecido por la Ley Org\u00e1nica 15\/1999, de 13 de diciembre, de Protecci\u00f3n de Datos de Car\u00e1cter Personal, el Colegio Ap\u00f3stol Santiago, titular del sitio web <a href=\"http:\/\/www.cas-aranjuez.org\">www.cas-aranjuez.org<\/a>, le informa de la existencia de un fichero informatizado y automatizado de datos de car\u00e1cter personal creado por el Colegio Ap\u00f3stol Santiago, bajo su responsabilidad. Los datos enviados recogidos en su curr\u00edculum son recabados por este centro con la finalidad de tener la informaci\u00f3n profesional necesaria de posibles candidatos para cubrir las posibles vacantes profesionales que en un momento determinado pudiesen surgir, y que de forma voluntaria han sido enviados por los mismos.<\/p>\n<p>En relaci\u00f3n a la fecha de env\u00edo del \u00faltimo curr\u00edculum recibido, el Colegio Ap\u00f3stol Santiago mantendr\u00e1 la informaci\u00f3n recogida durante un m\u00e1ximo de dos a\u00f1os (cursos escolares), salvo posibles excepciones por razones organizativas. Una vez transcurrido este tiempo, los datos ser\u00e1n eliminados del correspondiente archivo.<\/p>\n<p>A trav\u00e9s del env\u00edo de su curr\u00edculum profesional, usted garantiza que los datos personales facilitados al Colegio Ap\u00f3stol Santiago son veraces y se hace responsable de comunicar al mismo cualquier modificaci\u00f3n de los mismos.<\/p>\n<p>El env\u00edo de datos personales, mediante mensajes de correo electr\u00f3nico o entregados en papel (curr\u00edculum), supone el consentimiento expreso del remitente al tratamiento automatizado de los datos incluidos en los medios de comunicaci\u00f3n indicados y de los servicios correspondientes del Colegio Ap\u00f3stol Santiago (secretar\u00eda y responsables educativos), as\u00ed como al env\u00edo de comunicaciones v\u00eda electr\u00f3nica con informaci\u00f3n relacionada u otra forma de comunicaci\u00f3n a trav\u00e9s de la informaci\u00f3n contenida en estos datos (tel\u00e9fonos, direcci\u00f3n postal, etc.).<\/p>\n<p>Usted podr\u00e1 ejercer los derechos de acceso, rectificaci\u00f3n, oposici\u00f3n y cancelaci\u00f3n al tratamiento de sus datos personales, en los t\u00e9rminos y condiciones previstos en la Ley Org\u00e1nica 15\/1999, de 13 de diciembre, de Protecci\u00f3n de Datos de Car\u00e1cter Personal.<\/p>\n<p>Podr\u00e1 ejercer dichos derechos por escrito, dirigi\u00e9ndose al COLEGIO AP\u00d3STOL SANTIAGO (Secretar\u00eda), C\/Moreras 217, 28300, Aranjuez, o bien al correo electr\u00f3nico <a href=\"mailto:secretaria@cas-aranjuez.org\">secretaria@cas-aranjuez.org<\/a><\/p>\n<\/div>\n<\/div>\n<\/div>\n<p>&nbsp;<\/p>\n","protected":false},"excerpt":{"rendered":"<p>El Colegio Ap\u00f3stol Santiago es un centro educativo de Aranjuez, con una identidad y proyecto propios de car\u00e1cter confesional cat\u00f3lico, cuya titularidad pertenece a la Orden religiosa de los Padres Somascos. Su oferta formativa actual est\u00e1 apoyada en una gran <a href=\"https:\/\/www.cas-aranjuez.org\/wpcas\/envio-curriculum\/\" class=\"read-more\">Leer m\u00e1s&#8230;<\/a><\/p>\n","protected":false},"author":1,"featured_media":0,"parent":0,"menu_order":0,"comment_status":"closed","ping_status":"closed","template":"","meta":{"ngg_post_thumbnail":0,"footnotes":""},"class_list":["post-267","page","type-page","status-publish","hentry"],"_links":{"self":[{"href":"https:\/\/www.cas-aranjuez.org\/wpcas\/wp-json\/wp\/v2\/pages\/267","targetHints":{"allow":["GET"]}}],"collection":[{"href":"https:\/\/www.cas-aranjuez.org\/wpcas\/wp-json\/wp\/v2\/pages"}],"about":[{"href":"https:\/\/www.cas-aranjuez.org\/wpcas\/wp-json\/wp\/v2\/types\/page"}],"author":[{"embeddable":true,"href":"https:\/\/www.cas-aranjuez.org\/wpcas\/wp-json\/wp\/v2\/users\/1"}],"replies":[{"embeddable":true,"href":"https:\/\/www.cas-aranjuez.org\/wpcas\/wp-json\/wp\/v2\/comments?post=267"}],"version-history":[{"count":5,"href":"https:\/\/www.cas-aranjuez.org\/wpcas\/wp-json\/wp\/v2\/pages\/267\/revisions"}],"predecessor-version":[{"id":95464,"href":"https:\/\/www.cas-aranjuez.org\/wpcas\/wp-json\/wp\/v2\/pages\/267\/revisions\/95464"}],"wp:attachment":[{"href":"https:\/\/www.cas-aranjuez.org\/wpcas\/wp-json\/wp\/v2\/media?parent=267"}],"curies":[{"name":"wp","href":"https:\/\/api.w.org\/{rel}","templated":true}]}}