{"id":116759,"date":"2024-11-05T10:29:27","date_gmt":"2024-11-05T09:29:27","guid":{"rendered":"https:\/\/www.cas-aranjuez.org\/wpcas\/?page_id=116759"},"modified":"2025-01-09T16:56:17","modified_gmt":"2025-01-09T15:56:17","slug":"hermano-righetto","status":"publish","type":"page","link":"https:\/\/www.cas-aranjuez.org\/wpcas\/hermano-righetto\/","title":{"rendered":"Hermano Righetto"},"content":{"rendered":"\n<h3 class=\"has-luminous-vivid-orange-color has-text-color wp-block-heading\" style=\"font-size:26px\">Federico Cionchi (1857-1923) &#8211; Hermano Righetto<\/h3>\n\n\n<div class=\"wp-block-image\">\n<figure class=\"alignright size-full is-resized\"><img loading=\"lazy\" decoding=\"async\" src=\"https:\/\/www.cas-aranjuez.org\/wpcas\/wp-content\/uploads\/2024\/11\/righetto007.png\" alt=\"\" class=\"wp-image-116788\" width=\"250\" height=\"377\"\/><\/figure><\/div>\n\n\n<p>Federico Cionchi, conocido cari\u00f1osamente como&nbsp;Righetto, fue un devoto Siervo de Dios cuya vida estuvo marcada por la dedicaci\u00f3n al servicio de los hu\u00e9rfanos y la comunidad religiosa. Nacido en un hogar humilde en un pueblecito italiano (San Luca di Montefalco, 1857),&nbsp;vivi\u00f3 apariciones de la Virgen Mar\u00eda&nbsp;en su infancia, lo que&nbsp;inspir\u00f3 su vida hacia el servicio a los dem\u00e1s. Mar\u00eda le llam\u00f3 cari\u00f1osamente \u00abRighetto\u00bb. Enseguida, esos acontecimientos generaron mucho inter\u00e9s, hasta el punto que posteriormente se construir\u00eda un templo en el lugar de las apariciones, el&nbsp;Santuario de la Madonna della Stella. Tras la muerte de su padre, Righetto fue acogido en el Instituto Tata Giovanni en Roma en 1869. En 1878, se uni\u00f3 a la&nbsp;Orden&nbsp;de los Padres Somascos como laico agregado, viviendo como un hermano religioso, primero en Roma, luego en Bassano. All\u00ed se dedic\u00f3 al cuidado de hu\u00e9rfanos y ense\u00f1aba carpinter\u00eda. Posteriormente fue enviado a la comunidad de Treviso. All\u00ed trabaj\u00f3 durante 40 a\u00f1os como sacrist\u00e1n, de manera servicial y bondadosa, siempre devoto a la Virgen. Su vida de humildad y servicio dej\u00f3 una huella imborrable. A pesar de los problemas de salud, continu\u00f3 su labor con alegr\u00eda y devoci\u00f3n hasta&nbsp;su muerte en 1923. Muchos vieron y sintieron en su vida un camino a la santidad. Su legado espiritual sigue vivo y su&nbsp;proceso de beatificaci\u00f3n, iniciado en 1981, contin\u00faa inspirando a muchos.<\/p>\n\n\n\n<div class=\"wp-block-media-text alignwide is-stacked-on-mobile\" style=\"grid-template-columns:29% auto\"><figure class=\"wp-block-media-text__media\"><img loading=\"lazy\" decoding=\"async\" width=\"360\" height=\"360\" src=\"https:\/\/www.cas-aranjuez.org\/wpcas\/wp-content\/uploads\/2024\/11\/IMG_20241104_191924-removebg-preview.png\" alt=\"\" class=\"wp-image-116781 size-full\" srcset=\"https:\/\/www.cas-aranjuez.org\/wpcas\/wp-content\/uploads\/2024\/11\/IMG_20241104_191924-removebg-preview.png 360w, https:\/\/www.cas-aranjuez.org\/wpcas\/wp-content\/uploads\/2024\/11\/IMG_20241104_191924-removebg-preview-256x256.png 256w, https:\/\/www.cas-aranjuez.org\/wpcas\/wp-content\/uploads\/2024\/11\/IMG_20241104_191924-removebg-preview-270x270.png 270w\" sizes=\"auto, (max-width: 360px) 100vw, 360px\" \/><\/figure><div class=\"wp-block-media-text__content\">\n<p class=\"has-vivid-red-color has-text-color has-large-font-size\"><strong>\u00bfQuieres conocer m\u00e1s sobre el Hermano Righetto?<\/strong><\/p>\n\n\n\n<p>Puedes descargar los diferentes archivos.<\/p>\n<\/div><\/div>\n\n\n\n<div class=\"wp-block-columns is-layout-flex wp-container-core-columns-is-layout-9d6595d7 wp-block-columns-is-layout-flex\">\n<div class=\"wp-block-column is-layout-flow wp-block-column-is-layout-flow\">\n<div class=\"wp-block-media-text alignwide is-stacked-on-mobile\" style=\"grid-template-columns:35% auto\"><figure class=\"wp-block-media-text__media\"><a href=\"https:\/\/www.cas-aranjuez.org\/wpcas\/wp-content\/uploads\/2024\/11\/DipticoRighetto_SiervodeDios.pdf\" target=\"_blank\" rel=\"noreferrer noopener\"><img loading=\"lazy\" decoding=\"async\" width=\"709\" height=\"1024\" src=\"https:\/\/www.cas-aranjuez.org\/wpcas\/wp-content\/uploads\/2024\/11\/DipticoRighetto_SiervodeDios-709x1024.jpg\" alt=\"\" class=\"wp-image-116773 size-full\" srcset=\"https:\/\/www.cas-aranjuez.org\/wpcas\/wp-content\/uploads\/2024\/11\/DipticoRighetto_SiervodeDios-709x1024.jpg 709w, https:\/\/www.cas-aranjuez.org\/wpcas\/wp-content\/uploads\/2024\/11\/DipticoRighetto_SiervodeDios-354x512.jpg 354w, https:\/\/www.cas-aranjuez.org\/wpcas\/wp-content\/uploads\/2024\/11\/DipticoRighetto_SiervodeDios-187x270.jpg 187w, https:\/\/www.cas-aranjuez.org\/wpcas\/wp-content\/uploads\/2024\/11\/DipticoRighetto_SiervodeDios.jpg 720w\" sizes=\"auto, (max-width: 709px) 100vw, 709px\" \/><\/a><\/figure><div class=\"wp-block-media-text__content\">\n<p class=\"has-vivid-green-cyan-color has-text-color has-medium-font-size\"><strong><a href=\"https:\/\/www.cas-aranjuez.org\/wpcas\/wp-content\/uploads\/2024\/11\/DipticoRighetto_SiervodeDios.pdf\" target=\"_blank\" rel=\"noreferrer noopener\">Biograf\u00eda de Righetto<\/a><\/strong><\/p>\n\n\n\n<p>Siervo de Dios<\/p>\n<\/div><\/div>\n<\/div>\n\n\n\n<div class=\"wp-block-column is-layout-flow wp-block-column-is-layout-flow\">\n<div class=\"wp-block-media-text alignwide is-stacked-on-mobile\" style=\"grid-template-columns:35% auto\"><figure class=\"wp-block-media-text__media\"><a href=\"https:\/\/www.cas-aranjuez.org\/wpcas\/wp-content\/uploads\/2024\/11\/DipticoRighetto_HumildeCaminoSantidad.pdf\" target=\"_blank\" rel=\"noreferrer noopener\"><img loading=\"lazy\" decoding=\"async\" width=\"709\" height=\"1024\" src=\"https:\/\/www.cas-aranjuez.org\/wpcas\/wp-content\/uploads\/2024\/11\/DipticoRighetto_HumildeCaminoSantidad-1-709x1024.jpg\" alt=\"\" class=\"wp-image-116782 size-full\" srcset=\"https:\/\/www.cas-aranjuez.org\/wpcas\/wp-content\/uploads\/2024\/11\/DipticoRighetto_HumildeCaminoSantidad-1-709x1024.jpg 709w, https:\/\/www.cas-aranjuez.org\/wpcas\/wp-content\/uploads\/2024\/11\/DipticoRighetto_HumildeCaminoSantidad-1-354x512.jpg 354w, https:\/\/www.cas-aranjuez.org\/wpcas\/wp-content\/uploads\/2024\/11\/DipticoRighetto_HumildeCaminoSantidad-1-187x270.jpg 187w, https:\/\/www.cas-aranjuez.org\/wpcas\/wp-content\/uploads\/2024\/11\/DipticoRighetto_HumildeCaminoSantidad-1.jpg 720w\" sizes=\"auto, (max-width: 709px) 100vw, 709px\" \/><\/a><\/figure><div class=\"wp-block-media-text__content\">\n<p class=\"has-vivid-green-cyan-color has-text-color\"><strong><a href=\"https:\/\/www.cas-aranjuez.org\/wpcas\/wp-content\/uploads\/2024\/11\/DipticoRighetto_HumildeCaminoSantidad.pdf\" target=\"_blank\" rel=\"noreferrer noopener\">Valores de Righetto<\/a><\/strong><\/p>\n\n\n\n<p>Humilde camino a la santidad.<\/p>\n<\/div><\/div>\n<\/div>\n<\/div>\n\n\n\n<div class=\"wp-block-columns is-layout-flex wp-container-core-columns-is-layout-9d6595d7 wp-block-columns-is-layout-flex\">\n<div class=\"wp-block-column is-layout-flow wp-block-column-is-layout-flow\">\n<div class=\"wp-block-media-text alignwide is-stacked-on-mobile\" style=\"grid-template-columns:35% auto\"><figure class=\"wp-block-media-text__media\"><a href=\"https:\/\/www.cas-aranjuez.org\/wpcas\/wp-content\/uploads\/2024\/11\/DipticoRighetto_HermanoBueno.pdf\" target=\"_blank\" rel=\"noreferrer noopener\"><img loading=\"lazy\" decoding=\"async\" width=\"709\" height=\"1024\" src=\"https:\/\/www.cas-aranjuez.org\/wpcas\/wp-content\/uploads\/2024\/11\/DipticoRighetto_HermanoBueno-709x1024.jpg\" alt=\"\" class=\"wp-image-116771 size-full\" srcset=\"https:\/\/www.cas-aranjuez.org\/wpcas\/wp-content\/uploads\/2024\/11\/DipticoRighetto_HermanoBueno-709x1024.jpg 709w, https:\/\/www.cas-aranjuez.org\/wpcas\/wp-content\/uploads\/2024\/11\/DipticoRighetto_HermanoBueno-354x512.jpg 354w, https:\/\/www.cas-aranjuez.org\/wpcas\/wp-content\/uploads\/2024\/11\/DipticoRighetto_HermanoBueno-187x270.jpg 187w, https:\/\/www.cas-aranjuez.org\/wpcas\/wp-content\/uploads\/2024\/11\/DipticoRighetto_HermanoBueno.jpg 720w\" sizes=\"auto, (max-width: 709px) 100vw, 709px\" \/><\/a><\/figure><div class=\"wp-block-media-text__content\">\n<p class=\"has-vivid-purple-color has-text-color\"><strong><a href=\"https:\/\/www.cas-aranjuez.org\/wpcas\/wp-content\/uploads\/2024\/11\/DipticoRighetto_HermanoBueno.pdf\" target=\"_blank\" rel=\"noreferrer noopener\">Righetto, el hermano bueno<\/a><\/strong><\/p>\n\n\n\n<p>C\u00f3mic biogr\u00e1fico.<\/p>\n<\/div><\/div>\n<\/div>\n\n\n\n<div class=\"wp-block-column is-layout-flow wp-block-column-is-layout-flow\">\n<div class=\"wp-block-media-text alignwide is-stacked-on-mobile\" style=\"grid-template-columns:35% auto\"><figure class=\"wp-block-media-text__media\"><a href=\"https:\/\/www.cas-aranjuez.org\/wpcas\/wp-content\/uploads\/2024\/11\/DipticoRighetto_AmigodeMaria.pdf\" target=\"_blank\" rel=\"noreferrer noopener\"><img loading=\"lazy\" decoding=\"async\" width=\"709\" height=\"1024\" src=\"https:\/\/www.cas-aranjuez.org\/wpcas\/wp-content\/uploads\/2024\/11\/DipticoRighetto_AmigodeMaria-709x1024.jpg\" alt=\"\" class=\"wp-image-116770 size-full\" srcset=\"https:\/\/www.cas-aranjuez.org\/wpcas\/wp-content\/uploads\/2024\/11\/DipticoRighetto_AmigodeMaria-709x1024.jpg 709w, https:\/\/www.cas-aranjuez.org\/wpcas\/wp-content\/uploads\/2024\/11\/DipticoRighetto_AmigodeMaria-354x512.jpg 354w, https:\/\/www.cas-aranjuez.org\/wpcas\/wp-content\/uploads\/2024\/11\/DipticoRighetto_AmigodeMaria-187x270.jpg 187w, https:\/\/www.cas-aranjuez.org\/wpcas\/wp-content\/uploads\/2024\/11\/DipticoRighetto_AmigodeMaria.jpg 720w\" sizes=\"auto, (max-width: 709px) 100vw, 709px\" \/><\/a><\/figure><div class=\"wp-block-media-text__content\">\n<p class=\"has-vivid-purple-color has-text-color\"><strong><a href=\"https:\/\/www.cas-aranjuez.org\/wpcas\/wp-content\/uploads\/2024\/11\/DipticoRighetto_AmigodeMaria.pdf\" target=\"_blank\" rel=\"noreferrer noopener\">Righetto, el amigo de Mar\u00eda<\/a><\/strong><\/p>\n\n\n\n<p>Actividades sobre Righetto para los m\u00e1s peque\u00f1os.<\/p>\n<\/div><\/div>\n<\/div>\n<\/div>\n\n\n\n<div class=\"wp-block-media-text alignwide is-stacked-on-mobile\"><figure class=\"wp-block-media-text__media\"><video controls src=\"https:\/\/www.cas-aranjuez.org\/wpcas\/wp-content\/uploads\/2025\/01\/Cancion-Virgen-de-Righetto.mp4\"><\/video><\/figure><div class=\"wp-block-media-text__content\">\n<p>Canci\u00f3n \u00abVIRGEN DE RIGHETTO\u00bb<\/p>\n<\/div><\/div>\n\n\n\n<p><\/p>\n\n\n\n<h2 class=\"wp-block-heading\">Camino de Santidad<\/h2>\n\n\n\n<h2 class=\"has-vivid-red-color has-text-color has-large-font-size wp-block-heading\">Proceso de Beatificaci\u00f3n de Righetto<\/h2>\n\n\n<div class=\"wp-block-image\">\n<figure class=\"alignright size-full is-resized\"><img loading=\"lazy\" decoding=\"async\" src=\"https:\/\/www.cas-aranjuez.org\/wpcas\/wp-content\/uploads\/2024\/11\/righetto049_2-removebg-preview.png\" alt=\"\" class=\"wp-image-116792\" width=\"200\" height=\"313\" srcset=\"https:\/\/www.cas-aranjuez.org\/wpcas\/wp-content\/uploads\/2024\/11\/righetto049_2-removebg-preview.png 399w, https:\/\/www.cas-aranjuez.org\/wpcas\/wp-content\/uploads\/2024\/11\/righetto049_2-removebg-preview-327x512.png 327w, https:\/\/www.cas-aranjuez.org\/wpcas\/wp-content\/uploads\/2024\/11\/righetto049_2-removebg-preview-172x270.png 172w\" sizes=\"auto, (max-width: 200px) 100vw, 200px\" \/><\/figure><\/div>\n\n\n<p>Federico Cionchi, Righetto, en 1914, siendo hermano laico somasco, testific\u00f3 en el juicio can\u00f3nico con el Arzobispo de Spoleto sobre la verdad de las apariciones.<\/p>\n\n\n\n<p>Tras su muerte en 1923, fue enterrado en Treviso. En el a\u00f1o 1932, su f\u00e9retro fue trasladado desde Treviso al Santuario de la Madonna della Stella en Montefalco, templo levantado en el lugar de las apariciones marianas. Su tumba es visitada por numerosas personas que se encomiendan a \u00e9l. Su fama de santidad est\u00e1 acompa\u00f1ada de muchas gracias atribuidas a su intercesi\u00f3n.<\/p>\n\n\n\n<p>La causa de beatificaci\u00f3n de Federico Cionchi fue oficialmente introducida en 1981 por el obispo de Treviso, y la primera fase del proceso concluy\u00f3 en 1984. Por ello, se le nombra como Siervo de Dios. A partir de 2021, se reactiv\u00f3 el proceso en conmemoraci\u00f3n del centenario de su muerte, y desde entonces se han llevado a cabo diversas actividades para promover su legado espiritual, con la esperanza de verlo alg\u00fan d\u00eda incluido en la lista de beatos y santos.<\/p>\n\n\n\n<p class=\"has-vivid-cyan-blue-color has-text-color\"><strong>Puedes conocer el recorrido realizado en estas revistillas de informaci\u00f3n de la causa de beatificaci\u00f3n.<\/strong><\/p>\n\n\n\n<div class=\"wp-block-columns is-layout-flex wp-container-core-columns-is-layout-9d6595d7 wp-block-columns-is-layout-flex\">\n<div class=\"wp-block-column is-layout-flow wp-block-column-is-layout-flow\">\n<figure class=\"wp-block-image size-full is-resized\"><a href=\"https:\/\/www.cas-aranjuez.org\/wpcas\/wp-content\/uploads\/2024\/11\/22_RIGHETTO-NEWS_2024.04-Es.pdf\" target=\"_blank\" rel=\"noreferrer noopener\"><img loading=\"lazy\" decoding=\"async\" src=\"https:\/\/www.cas-aranjuez.org\/wpcas\/wp-content\/uploads\/2024\/11\/Righetto_News_22.jpg\" alt=\"\" class=\"wp-image-116775\" width=\"168\" height=\"237\" srcset=\"https:\/\/www.cas-aranjuez.org\/wpcas\/wp-content\/uploads\/2024\/11\/Righetto_News_22.jpg 336w, https:\/\/www.cas-aranjuez.org\/wpcas\/wp-content\/uploads\/2024\/11\/Righetto_News_22-192x270.jpg 192w\" sizes=\"auto, (max-width: 168px) 100vw, 168px\" \/><\/a><\/figure>\n<\/div>\n\n\n\n<div class=\"wp-block-column is-layout-flow wp-block-column-is-layout-flow\">\n<figure class=\"wp-block-image size-full is-resized\"><a href=\"https:\/\/www.cas-aranjuez.org\/wpcas\/wp-content\/uploads\/2024\/11\/23_RIGHETTO-NEWS_2024.04-ES.pdf\" target=\"_blank\" rel=\"noreferrer noopener\"><img loading=\"lazy\" decoding=\"async\" src=\"https:\/\/www.cas-aranjuez.org\/wpcas\/wp-content\/uploads\/2024\/11\/Righetto_News_23.jpg\" alt=\"\" class=\"wp-image-116776\" width=\"168\" height=\"237\" srcset=\"https:\/\/www.cas-aranjuez.org\/wpcas\/wp-content\/uploads\/2024\/11\/Righetto_News_23.jpg 336w, https:\/\/www.cas-aranjuez.org\/wpcas\/wp-content\/uploads\/2024\/11\/Righetto_News_23-192x270.jpg 192w\" sizes=\"auto, (max-width: 168px) 100vw, 168px\" \/><\/a><\/figure>\n<\/div>\n\n\n\n<div class=\"wp-block-column is-layout-flow wp-block-column-is-layout-flow\">\n<figure class=\"wp-block-image size-full is-resized\"><a href=\"https:\/\/www.cas-aranjuez.org\/wpcas\/wp-content\/uploads\/2024\/11\/24_RIGHETTO-NEWS_2024.10-SPAGNOLO.pdf\" target=\"_blank\" rel=\"noreferrer noopener\"><img loading=\"lazy\" decoding=\"async\" src=\"https:\/\/www.cas-aranjuez.org\/wpcas\/wp-content\/uploads\/2024\/11\/Righetto_News_24.jpg\" alt=\"\" class=\"wp-image-116777\" width=\"169\" height=\"236\" srcset=\"https:\/\/www.cas-aranjuez.org\/wpcas\/wp-content\/uploads\/2024\/11\/Righetto_News_24.jpg 337w, https:\/\/www.cas-aranjuez.org\/wpcas\/wp-content\/uploads\/2024\/11\/Righetto_News_24-193x270.jpg 193w\" sizes=\"auto, (max-width: 169px) 100vw, 169px\" \/><\/a><\/figure>\n<\/div>\n<\/div>\n\n\n\n<div class=\"wp-block-columns is-layout-flex wp-container-core-columns-is-layout-9d6595d7 wp-block-columns-is-layout-flex\">\n<div class=\"wp-block-column is-layout-flow wp-block-column-is-layout-flow\">\n<figure class=\"wp-block-image size-full is-resized\"><a href=\"https:\/\/www.cas-aranjuez.org\/wpcas\/wp-content\/uploads\/2024\/11\/25_RIGHETTO-NEWS_2024.11-SPAGN.pdf\" target=\"_blank\" rel=\"noreferrer noopener\"><img loading=\"lazy\" decoding=\"async\" src=\"https:\/\/www.cas-aranjuez.org\/wpcas\/wp-content\/uploads\/2024\/11\/Righetto_News_25.jpg\" alt=\"\" class=\"wp-image-116969\" width=\"167\" height=\"233\" srcset=\"https:\/\/www.cas-aranjuez.org\/wpcas\/wp-content\/uploads\/2024\/11\/Righetto_News_25.jpg 337w, https:\/\/www.cas-aranjuez.org\/wpcas\/wp-content\/uploads\/2024\/11\/Righetto_News_25-193x270.jpg 193w\" sizes=\"auto, (max-width: 167px) 100vw, 167px\" \/><\/a><\/figure>\n<\/div>\n\n\n\n<div class=\"wp-block-column is-layout-flow wp-block-column-is-layout-flow\">\n<figure class=\"wp-block-image size-full is-resized\"><a href=\"https:\/\/www.cas-aranjuez.org\/wpcas\/wp-content\/uploads\/2025\/01\/26_RIGHETTO-NEWS-Spagnolo.pdf\" target=\"_blank\" rel=\"noreferrer noopener\"><img loading=\"lazy\" decoding=\"async\" src=\"https:\/\/www.cas-aranjuez.org\/wpcas\/wp-content\/uploads\/2025\/01\/Righetto_News_26.jpg\" alt=\"\" class=\"wp-image-117852\" width=\"171\" height=\"240\"\/><\/a><\/figure>\n<\/div>\n\n\n\n<div class=\"wp-block-column is-layout-flow wp-block-column-is-layout-flow\"><\/div>\n<\/div>\n\n\n\n<p><strong><em>Oraci\u00f3n<\/em><\/strong>. <strong><em>Para obtener gracias de Dios por intercesi\u00f3n y<\/em><\/strong> <strong><em>glorificaci\u00f3n del Siervo de Dios Federico Cionchi<\/em><\/strong><\/p>\n\n\n\n<p class=\"has-vivid-green-cyan-color has-text-color\" style=\"font-size:15px\">Sant\u00edsima Trinidad, Padre, Hijo y Esp\u00edritu Santo, que te complaces en habitar en los corazones humildes y sencillos y te dignas exaltarlos, te suplicamos humildemente que nos concedas la gracia que de ti imploramos por la intercesi\u00f3n y glorificaci\u00f3n de tu siervo Federico Cionchi. Sant\u00edsima Trinidad, \u00fanico Dios, ten piedad de nosotros.<\/p>\n\n\n\n<p class=\"has-pale-pink-color has-text-color\" style=\"font-size:16px\"><strong>QUIEN HAYA RECIBIDO GRACIAS O AYUDA ESPIRITUAL POR INTERCESI\u00d3N DEL HERMANO RIGHETTO POR FAVOR NOTIFIQUE AL POSTULADOR GENERAL DE LA CURIA GENERAL DE LOS PADRES SOMASCOS<\/strong><\/p>\n\n\n\n<p>Via di Casal Morena 12 &#8211; 00118 Roma    postulazionecrs@gmail.com<\/p>\n","protected":false},"excerpt":{"rendered":"<p>Federico Cionchi (1857-1923) &#8211; Hermano Righetto Federico Cionchi, conocido cari\u00f1osamente como&nbsp;Righetto, fue un devoto Siervo de Dios cuya vida estuvo marcada por la dedicaci\u00f3n al servicio de los hu\u00e9rfanos y la comunidad religiosa. Nacido en un hogar humilde en un <a href=\"https:\/\/www.cas-aranjuez.org\/wpcas\/hermano-righetto\/\" class=\"read-more\">Leer m\u00e1s&#8230;<\/a><\/p>\n","protected":false},"author":12,"featured_media":116774,"parent":0,"menu_order":0,"comment_status":"closed","ping_status":"closed","template":"","meta":{"ngg_post_thumbnail":0,"footnotes":""},"class_list":["post-116759","page","type-page","status-publish","has-post-thumbnail","hentry"],"_links":{"self":[{"href":"https:\/\/www.cas-aranjuez.org\/wpcas\/wp-json\/wp\/v2\/pages\/116759","targetHints":{"allow":["GET"]}}],"collection":[{"href":"https:\/\/www.cas-aranjuez.org\/wpcas\/wp-json\/wp\/v2\/pages"}],"about":[{"href":"https:\/\/www.cas-aranjuez.org\/wpcas\/wp-json\/wp\/v2\/types\/page"}],"author":[{"embeddable":true,"href":"https:\/\/www.cas-aranjuez.org\/wpcas\/wp-json\/wp\/v2\/users\/12"}],"replies":[{"embeddable":true,"href":"https:\/\/www.cas-aranjuez.org\/wpcas\/wp-json\/wp\/v2\/comments?post=116759"}],"version-history":[{"count":8,"href":"https:\/\/www.cas-aranjuez.org\/wpcas\/wp-json\/wp\/v2\/pages\/116759\/revisions"}],"predecessor-version":[{"id":117856,"href":"https:\/\/www.cas-aranjuez.org\/wpcas\/wp-json\/wp\/v2\/pages\/116759\/revisions\/117856"}],"wp:featuredmedia":[{"embeddable":true,"href":"https:\/\/www.cas-aranjuez.org\/wpcas\/wp-json\/wp\/v2\/media\/116774"}],"wp:attachment":[{"href":"https:\/\/www.cas-aranjuez.org\/wpcas\/wp-json\/wp\/v2\/media?parent=116759"}],"curies":[{"name":"wp","href":"https:\/\/api.w.org\/{rel}","templated":true}]}}